{"id":1360,"date":"2022-03-23T00:00:51","date_gmt":"2022-03-22T23:00:51","guid":{"rendered":"http:\/\/uccle-centre-art.org\/www2\/?page_id=1360"},"modified":"2022-03-23T11:27:06","modified_gmt":"2022-03-23T10:27:06","slug":"empain-clementine","status":"publish","type":"page","link":"http:\/\/uccle-centre-art.org\/www2\/empain-clementine\/","title":{"rendered":"EMPAIN CLEMENTINE"},"content":{"rendered":"\n<div class=\"wp-block-columns is-layout-flex wp-container-core-columns-is-layout-9d6595d7 wp-block-columns-is-layout-flex\">\n<div class=\"wp-block-column is-layout-flow wp-block-column-is-layout-flow\">\n<figure class=\"wp-block-gallery has-nested-images columns-1 is-cropped wp-block-gallery-1 is-layout-flex wp-block-gallery-is-layout-flex\">\n<figure class=\"wp-block-image size-large\"><img loading=\"lazy\" decoding=\"async\" width=\"766\" height=\"1024\" data-id=\"1361\" src=\"http:\/\/uccle-centre-art.org\/www2\/wp-content\/uploads\/2022\/03\/ok15_EMPAIN_01-766x1024.jpg\" alt=\"\" class=\"wp-image-1361\" srcset=\"http:\/\/uccle-centre-art.org\/www2\/wp-content\/uploads\/2022\/03\/ok15_EMPAIN_01-766x1024.jpg 766w, http:\/\/uccle-centre-art.org\/www2\/wp-content\/uploads\/2022\/03\/ok15_EMPAIN_01-224x300.jpg 224w, http:\/\/uccle-centre-art.org\/www2\/wp-content\/uploads\/2022\/03\/ok15_EMPAIN_01-768x1027.jpg 768w, http:\/\/uccle-centre-art.org\/www2\/wp-content\/uploads\/2022\/03\/ok15_EMPAIN_01.jpg 958w\" sizes=\"auto, (max-width: 766px) 100vw, 766px\" \/><\/figure>\n<\/figure>\n\n\n\n<figure class=\"wp-block-image size-large\"><img loading=\"lazy\" decoding=\"async\" width=\"857\" height=\"1024\" src=\"http:\/\/uccle-centre-art.org\/www2\/wp-content\/uploads\/2022\/03\/ok15_EMPAIN_05nonretenue-857x1024.jpg\" alt=\"\" class=\"wp-image-1364\" srcset=\"http:\/\/uccle-centre-art.org\/www2\/wp-content\/uploads\/2022\/03\/ok15_EMPAIN_05nonretenue-857x1024.jpg 857w, http:\/\/uccle-centre-art.org\/www2\/wp-content\/uploads\/2022\/03\/ok15_EMPAIN_05nonretenue-251x300.jpg 251w, http:\/\/uccle-centre-art.org\/www2\/wp-content\/uploads\/2022\/03\/ok15_EMPAIN_05nonretenue-768x918.jpg 768w, http:\/\/uccle-centre-art.org\/www2\/wp-content\/uploads\/2022\/03\/ok15_EMPAIN_05nonretenue-1285x1536.jpg 1285w, http:\/\/uccle-centre-art.org\/www2\/wp-content\/uploads\/2022\/03\/ok15_EMPAIN_05nonretenue-1713x2048.jpg 1713w, http:\/\/uccle-centre-art.org\/www2\/wp-content\/uploads\/2022\/03\/ok15_EMPAIN_05nonretenue.jpg 1792w\" sizes=\"auto, (max-width: 857px) 100vw, 857px\" \/><\/figure>\n\n\n\n<figure class=\"wp-block-image size-full\"><img loading=\"lazy\" decoding=\"async\" width=\"612\" height=\"796\" src=\"http:\/\/uccle-centre-art.org\/www2\/wp-content\/uploads\/2022\/03\/ok15_EMPAIN_non-retenue.jpeg\" alt=\"\" class=\"wp-image-1362\" srcset=\"http:\/\/uccle-centre-art.org\/www2\/wp-content\/uploads\/2022\/03\/ok15_EMPAIN_non-retenue.jpeg 612w, http:\/\/uccle-centre-art.org\/www2\/wp-content\/uploads\/2022\/03\/ok15_EMPAIN_non-retenue-231x300.jpeg 231w\" sizes=\"auto, (max-width: 612px) 100vw, 612px\" \/><\/figure>\n<\/div>\n\n\n\n<div class=\"wp-block-column is-vertically-aligned-top is-layout-flow wp-block-column-is-layout-flow\">\n<p><strong>CLEMENTINE EMPAIN<\/strong><\/p>\n\n\n\n<p class=\"has-neve-link-color-color has-text-color has-small-font-size\" style=\"font-style:normal;font-weight:300\">Instagram<strong>&nbsp;:&nbsp;&nbsp;&nbsp; <\/strong>&nbsp;clementine_collages&nbsp;<\/p>\n\n\n\n<p class=\"has-neve-link-color-color has-text-color has-small-font-size\" style=\"font-style:normal;font-weight:300\">Facebook<strong>&nbsp;:<\/strong> &nbsp;&nbsp;&nbsp;&nbsp;Cl\u00e9mentine Empain &amp; cr\u00e9ations<\/p>\n\n\n\n<p class=\"has-neve-link-color-color has-text-color has-small-font-size\" style=\"font-style:normal;font-weight:300\"><a href=\"https:\/\/clementineempain.be\">clementineempain.be<\/a><\/p>\n\n\n\n<p>Autodidacte et curieuse, Cl\u00e9mentine Empain a toujours aim\u00e9 cr\u00e9er, inventer, exp\u00e9rimenter. Elle travaille de mani\u00e8re tr\u00e8s instinctive, l\u2019exigence de la technique s\u2019ajoute en deuxi\u00e8me temps, venant l\u2019aider \u00e0 finaliser son travail.<\/p>\n<p>Petite, elle r\u00e9alisait d\u00e9j\u00e0 des collages, aimant les papiers et l\u2019action de les coller. Elle essaie de raconter une histoire en assemblant diff\u00e9rents \u00e9l\u00e9ments entre eux. L\u2019id\u00e9e de revenir au collage est venue en r\u00e9cup\u00e9rant les chutes de papier de ses \u00e9l\u00e8ves.<\/p>\n<p>Mais rapidement, elle sent les limites des papiers industriels. &nbsp;<\/p>\n<p>Elle a alors envie de rendre son travail plus personnel, en cr\u00e9ant ses propres couleurs et formes. La cr\u00e9ation de ses couleurs est un \u00e9l\u00e9ment-cl\u00e9 dans son travail et l\u00e0 aussi elle exp\u00e9rimente en m\u00e9langeant diff\u00e9rentes teintes de peintures acryliques jusqu\u2019\u00e0 trouver celles avec lesquelles elle a envie de travailler.<\/p>\n<p>Amoureuse des couleurs contrast\u00e9es et lumineuses &#8211; certaines peuvent m\u00eame \u00ab&nbsp;jurer&nbsp;\u00bb, comme les fluos -, c\u2019est avec ces teintes qu\u2019elle peint des papiers entiers, de toutes tailles et de toutes \u00e9paisseurs, desquels ses formes seront d\u00e9coup\u00e9es par apr\u00e8s.<\/p>\n<p>Avant de passer \u00e0 l\u2019action d\u2019encoller, elle s\u2019impose volontairement des contraintes, comme celle de travailler au d\u00e9part de formes qui sont d\u00e9j\u00e0 pr\u00e9d\u00e9coup\u00e9es. C\u2019est alors, qu\u2019elle joue et se cherche \u00e0 composer jusqu\u2019\u00e0 trouver un \u00e9quilibre, comme lorsqu\u2019on joue avec deux plateaux de balance.<\/p>\n<p>Ce qu\u2019elle aime aussi dans le collage, ce sont les superpositions de papiers qui apportent \u00e0 l\u2019\u0153uvre du relief et un l\u00e9ger jeu d\u2019ombres. D\u2019ailleurs lors de l\u2019encollage, Cl\u00e9mentine cherche \u00e0 faire ressortir les contours des \u00e9l\u00e9ments cach\u00e9s par ceux du dessus. Cela tend de plus en plus vers un travail minimaliste, mais Cl\u00e9mentine aime diversifier ses approches et ses d\u00e9marches afin de toujours rester en recherche.<\/p>\n\n\n\n<hr class=\"wp-block-separator is-style-dots\"\/>\n<\/div>\n<\/div>\n\n\n\n<figure class=\"wp-block-image size-large is-resized\"><img loading=\"lazy\" decoding=\"async\" src=\"http:\/\/uccle-centre-art.org\/www2\/wp-content\/uploads\/2022\/03\/okt0VqR-768x1024.jpeg\" alt=\"\" class=\"wp-image-1363\" width=\"384\" height=\"512\" srcset=\"http:\/\/uccle-centre-art.org\/www2\/wp-content\/uploads\/2022\/03\/okt0VqR-768x1024.jpeg 768w, http:\/\/uccle-centre-art.org\/www2\/wp-content\/uploads\/2022\/03\/okt0VqR-225x300.jpeg 225w, http:\/\/uccle-centre-art.org\/www2\/wp-content\/uploads\/2022\/03\/okt0VqR.jpeg 1152w\" sizes=\"auto, (max-width: 384px) 100vw, 384px\" \/><\/figure>\n\n\n\n<p><\/p>\n","protected":false},"excerpt":{"rendered":"<p>CLEMENTINE EMPAIN Instagram&nbsp;:&nbsp;&nbsp;&nbsp; &nbsp;clementine_collages&nbsp; Facebook&nbsp;: &nbsp;&nbsp;&nbsp;&nbsp;Cl\u00e9mentine Empain &amp; cr\u00e9ations clementineempain.be Autodidacte et curieuse, Cl\u00e9mentine Empain a toujours aim\u00e9 cr\u00e9er, inventer, exp\u00e9rimenter. Elle travaille de mani\u00e8re tr\u00e8s instinctive, l\u2019exigence de la technique s\u2019ajoute en deuxi\u00e8me temps, venant l\u2019aider \u00e0 finaliser son travail. Petite, elle r\u00e9alisait d\u00e9j\u00e0 des collages, aimant les papiers et l\u2019action de les coller.&hellip;&nbsp;<a href=\"http:\/\/uccle-centre-art.org\/www2\/empain-clementine\/\" class=\"\" rel=\"bookmark\">Lire la suite &raquo;<span class=\"screen-reader-text\">EMPAIN CLEMENTINE<\/span><\/a><\/p>\n","protected":false},"author":1,"featured_media":0,"parent":0,"menu_order":0,"comment_status":"closed","ping_status":"closed","template":"","meta":{"neve_meta_sidebar":"","neve_meta_container":"default","neve_meta_enable_content_width":"","neve_meta_content_width":0,"neve_meta_title_alignment":"","neve_meta_author_avatar":"","neve_post_elements_order":"","neve_meta_disable_header":"","neve_meta_disable_footer":"","neve_meta_disable_title":"","footnotes":""},"class_list":["post-1360","page","type-page","status-publish","hentry"],"_links":{"self":[{"href":"http:\/\/uccle-centre-art.org\/www2\/wp-json\/wp\/v2\/pages\/1360","targetHints":{"allow":["GET"]}}],"collection":[{"href":"http:\/\/uccle-centre-art.org\/www2\/wp-json\/wp\/v2\/pages"}],"about":[{"href":"http:\/\/uccle-centre-art.org\/www2\/wp-json\/wp\/v2\/types\/page"}],"author":[{"embeddable":true,"href":"http:\/\/uccle-centre-art.org\/www2\/wp-json\/wp\/v2\/users\/1"}],"replies":[{"embeddable":true,"href":"http:\/\/uccle-centre-art.org\/www2\/wp-json\/wp\/v2\/comments?post=1360"}],"version-history":[{"count":2,"href":"http:\/\/uccle-centre-art.org\/www2\/wp-json\/wp\/v2\/pages\/1360\/revisions"}],"predecessor-version":[{"id":1366,"href":"http:\/\/uccle-centre-art.org\/www2\/wp-json\/wp\/v2\/pages\/1360\/revisions\/1366"}],"wp:attachment":[{"href":"http:\/\/uccle-centre-art.org\/www2\/wp-json\/wp\/v2\/media?parent=1360"}],"curies":[{"name":"wp","href":"https:\/\/api.w.org\/{rel}","templated":true}]}}

<div class="wp-block-columns is-layout-flex wp-container-core-columns-is-layout-9d6595d7 wp-block-columns-is-layout-flex">
<div class="wp-block-column is-layout-flow wp-block-column-is-layout-flow">
<figure class="wp-block-gallery has-nested-images columns-1 is-cropped wp-block-gallery-1 is-layout-flex wp-block-gallery-is-layout-flex">
<figure class="wp-block-image size-large"><img loading="lazy" decoding="async" width="766" height="1024" data-id="1361" src="http://uccle-centre-art.org/www2/wp-content/uploads/2022/03/ok15_EMPAIN_01-766x1024.jpg" alt="" class="wp-image-1361" srcset="http://uccle-centre-art.org/www2/wp-content/uploads/2022/03/ok15_EMPAIN_01-766x1024.jpg 766w, http://uccle-centre-art.org/www2/wp-content/uploads/2022/03/ok15_EMPAIN_01-224x300.jpg 224w, http://uccle-centre-art.org/www2/wp-content/uploads/2022/03/ok15_EMPAIN_01-768x1027.jpg 768w, http://uccle-centre-art.org/www2/wp-content/uploads/2022/03/ok15_EMPAIN_01.jpg 958w" sizes="auto, (max-width: 766px) 100vw, 766px" /></figure>
</figure>



<figure class="wp-block-image size-large"><img loading="lazy" decoding="async" width="857" height="1024" src="http://uccle-centre-art.org/www2/wp-content/uploads/2022/03/ok15_EMPAIN_05nonretenue-857x1024.jpg" alt="" class="wp-image-1364" srcset="http://uccle-centre-art.org/www2/wp-content/uploads/2022/03/ok15_EMPAIN_05nonretenue-857x1024.jpg 857w, http://uccle-centre-art.org/www2/wp-content/uploads/2022/03/ok15_EMPAIN_05nonretenue-251x300.jpg 251w, http://uccle-centre-art.org/www2/wp-content/uploads/2022/03/ok15_EMPAIN_05nonretenue-768x918.jpg 768w, http://uccle-centre-art.org/www2/wp-content/uploads/2022/03/ok15_EMPAIN_05nonretenue-1285x1536.jpg 1285w, http://uccle-centre-art.org/www2/wp-content/uploads/2022/03/ok15_EMPAIN_05nonretenue-1713x2048.jpg 1713w, http://uccle-centre-art.org/www2/wp-content/uploads/2022/03/ok15_EMPAIN_05nonretenue.jpg 1792w" sizes="auto, (max-width: 857px) 100vw, 857px" /></figure>



<figure class="wp-block-image size-full"><img loading="lazy" decoding="async" width="612" height="796" src="http://uccle-centre-art.org/www2/wp-content/uploads/2022/03/ok15_EMPAIN_non-retenue.jpeg" alt="" class="wp-image-1362" srcset="http://uccle-centre-art.org/www2/wp-content/uploads/2022/03/ok15_EMPAIN_non-retenue.jpeg 612w, http://uccle-centre-art.org/www2/wp-content/uploads/2022/03/ok15_EMPAIN_non-retenue-231x300.jpeg 231w" sizes="auto, (max-width: 612px) 100vw, 612px" /></figure>
</div>



<div class="wp-block-column is-vertically-aligned-top is-layout-flow wp-block-column-is-layout-flow">
<p><strong>CLEMENTINE EMPAIN</strong></p>



<p class="has-neve-link-color-color has-text-color has-small-font-size" style="font-style:normal;font-weight:300">Instagram<strong>&nbsp;:&nbsp;&nbsp;&nbsp; </strong>&nbsp;clementine_collages&nbsp;</p>



<p class="has-neve-link-color-color has-text-color has-small-font-size" style="font-style:normal;font-weight:300">Facebook<strong>&nbsp;:</strong> &nbsp;&nbsp;&nbsp;&nbsp;Clémentine Empain &amp; créations</p>



<p class="has-neve-link-color-color has-text-color has-small-font-size" style="font-style:normal;font-weight:300"><a href="https://clementineempain.be">clementineempain.be</a></p>



<p>Autodidacte et curieuse, Clémentine Empain a toujours aimé créer, inventer, expérimenter. Elle travaille de manière très instinctive, l’exigence de la technique s’ajoute en deuxième temps, venant l’aider à finaliser son travail.</p>
<p>Petite, elle réalisait déjà des collages, aimant les papiers et l’action de les coller. Elle essaie de raconter une histoire en assemblant différents éléments entre eux. L’idée de revenir au collage est venue en récupérant les chutes de papier de ses élèves.</p>
<p>Mais rapidement, elle sent les limites des papiers industriels. &nbsp;</p>
<p>Elle a alors envie de rendre son travail plus personnel, en créant ses propres couleurs et formes. La création de ses couleurs est un élément-clé dans son travail et là aussi elle expérimente en mélangeant différentes teintes de peintures acryliques jusqu’à trouver celles avec lesquelles elle a envie de travailler.</p>
<p>Amoureuse des couleurs contrastées et lumineuses &#8211; certaines peuvent même «&nbsp;jurer&nbsp;», comme les fluos -, c’est avec ces teintes qu’elle peint des papiers entiers, de toutes tailles et de toutes épaisseurs, desquels ses formes seront découpées par après.</p>
<p>Avant de passer à l’action d’encoller, elle s’impose volontairement des contraintes, comme celle de travailler au départ de formes qui sont déjà prédécoupées. C’est alors, qu’elle joue et se cherche à composer jusqu’à trouver un équilibre, comme lorsqu’on joue avec deux plateaux de balance.</p>
<p>Ce qu’elle aime aussi dans le collage, ce sont les superpositions de papiers qui apportent à l’œuvre du relief et un léger jeu d’ombres. D’ailleurs lors de l’encollage, Clémentine cherche à faire ressortir les contours des éléments cachés par ceux du dessus. Cela tend de plus en plus vers un travail minimaliste, mais Clémentine aime diversifier ses approches et ses démarches afin de toujours rester en recherche.</p>



<hr class="wp-block-separator is-style-dots"/>
</div>
</div>



<figure class="wp-block-image size-large is-resized"><img loading="lazy" decoding="async" src="http://uccle-centre-art.org/www2/wp-content/uploads/2022/03/okt0VqR-768x1024.jpeg" alt="" class="wp-image-1363" width="384" height="512" srcset="http://uccle-centre-art.org/www2/wp-content/uploads/2022/03/okt0VqR-768x1024.jpeg 768w, http://uccle-centre-art.org/www2/wp-content/uploads/2022/03/okt0VqR-225x300.jpeg 225w, http://uccle-centre-art.org/www2/wp-content/uploads/2022/03/okt0VqR.jpeg 1152w" sizes="auto, (max-width: 384px) 100vw, 384px" /></figure>



<p></p>

<p>CLEMENTINE EMPAIN Instagram&nbsp;:&nbsp;&nbsp;&nbsp; &nbsp;clementine_collages&nbsp; Facebook&nbsp;: &nbsp;&nbsp;&nbsp;&nbsp;Clémentine Empain &amp; créations clementineempain.be Autodidacte et curieuse, Clémentine Empain a toujours aimé créer, inventer, expérimenter. Elle travaille de manière très instinctive, l’exigence de la technique s’ajoute en deuxième temps, venant l’aider à finaliser son travail. Petite, elle réalisait déjà des collages, aimant les papiers et l’action de les coller.&hellip;&nbsp;<a href="http://uccle-centre-art.org/www2/empain-clementine/" class="" rel="bookmark">Lire la suite &raquo;<span class="screen-reader-text">EMPAIN CLEMENTINE</span></a></p>
