{"id":224,"date":"2021-12-21T12:54:08","date_gmt":"2021-12-21T11:54:08","guid":{"rendered":"http:\/\/uccle-centre-art.org\/www2\/?page_id=224"},"modified":"2023-09-30T23:04:13","modified_gmt":"2023-09-30T21:04:13","slug":"irene-tygat","status":"publish","type":"page","link":"http:\/\/uccle-centre-art.org\/www2\/irene-tygat\/","title":{"rendered":"IR\u00c8NE TYGAT"},"content":{"rendered":"\n<div class=\"wp-block-columns is-layout-flex wp-container-core-columns-is-layout-9d6595d7 wp-block-columns-is-layout-flex\">\n<div class=\"wp-block-column is-layout-flow wp-block-column-is-layout-flow\">\n<figure class=\"wp-block-gallery has-nested-images columns-1 is-cropped wp-block-gallery-1 is-layout-flex wp-block-gallery-is-layout-flex\">\n<figure class=\"wp-block-image size-large\"><img loading=\"lazy\" decoding=\"async\" width=\"1024\" height=\"768\" data-id=\"1847\" src=\"http:\/\/uccle-centre-art.org\/www2\/wp-content\/uploads\/2023\/09\/TYTP1030768-1024x768.jpeg\" alt=\"\" class=\"wp-image-1847\" srcset=\"http:\/\/uccle-centre-art.org\/www2\/wp-content\/uploads\/2023\/09\/TYTP1030768-1024x768.jpeg 1024w, http:\/\/uccle-centre-art.org\/www2\/wp-content\/uploads\/2023\/09\/TYTP1030768-300x225.jpeg 300w, http:\/\/uccle-centre-art.org\/www2\/wp-content\/uploads\/2023\/09\/TYTP1030768-768x576.jpeg 768w, http:\/\/uccle-centre-art.org\/www2\/wp-content\/uploads\/2023\/09\/TYTP1030768-1536x1152.jpeg 1536w, http:\/\/uccle-centre-art.org\/www2\/wp-content\/uploads\/2023\/09\/TYTP1030768-2048x1536.jpeg 2048w\" sizes=\"auto, (max-width: 1024px) 100vw, 1024px\" \/><\/figure>\n\n\n\n<figure class=\"wp-block-image size-large\"><img loading=\"lazy\" decoding=\"async\" width=\"768\" height=\"1024\" data-id=\"1848\" src=\"http:\/\/uccle-centre-art.org\/www2\/wp-content\/uploads\/2023\/09\/TYTP1050209-768x1024.jpeg\" alt=\"\" class=\"wp-image-1848\" srcset=\"http:\/\/uccle-centre-art.org\/www2\/wp-content\/uploads\/2023\/09\/TYTP1050209-768x1024.jpeg 768w, http:\/\/uccle-centre-art.org\/www2\/wp-content\/uploads\/2023\/09\/TYTP1050209-225x300.jpeg 225w, http:\/\/uccle-centre-art.org\/www2\/wp-content\/uploads\/2023\/09\/TYTP1050209-1152x1536.jpeg 1152w, http:\/\/uccle-centre-art.org\/www2\/wp-content\/uploads\/2023\/09\/TYTP1050209-1536x2048.jpeg 1536w, http:\/\/uccle-centre-art.org\/www2\/wp-content\/uploads\/2023\/09\/TYTP1050209-scaled.jpeg 1920w\" sizes=\"auto, (max-width: 768px) 100vw, 768px\" \/><\/figure>\n\n\n\n<figure class=\"wp-block-image size-large\"><img loading=\"lazy\" decoding=\"async\" width=\"1024\" height=\"468\" data-id=\"1845\" src=\"http:\/\/uccle-centre-art.org\/www2\/wp-content\/uploads\/2023\/09\/TYT20230414_114637-1024x468.jpeg\" alt=\"\" class=\"wp-image-1845\" srcset=\"http:\/\/uccle-centre-art.org\/www2\/wp-content\/uploads\/2023\/09\/TYT20230414_114637-1024x468.jpeg 1024w, http:\/\/uccle-centre-art.org\/www2\/wp-content\/uploads\/2023\/09\/TYT20230414_114637-300x137.jpeg 300w, http:\/\/uccle-centre-art.org\/www2\/wp-content\/uploads\/2023\/09\/TYT20230414_114637-768x351.jpeg 768w, http:\/\/uccle-centre-art.org\/www2\/wp-content\/uploads\/2023\/09\/TYT20230414_114637-1536x702.jpeg 1536w, http:\/\/uccle-centre-art.org\/www2\/wp-content\/uploads\/2023\/09\/TYT20230414_114637-2048x936.jpeg 2048w\" sizes=\"auto, (max-width: 1024px) 100vw, 1024px\" \/><\/figure>\n\n\n\n<figure class=\"wp-block-image size-large\"><img loading=\"lazy\" decoding=\"async\" width=\"1024\" height=\"991\" data-id=\"1846\" src=\"http:\/\/uccle-centre-art.org\/www2\/wp-content\/uploads\/2023\/09\/tytbalade-au-littoral-1024x991.jpeg\" alt=\"\" class=\"wp-image-1846\" srcset=\"http:\/\/uccle-centre-art.org\/www2\/wp-content\/uploads\/2023\/09\/tytbalade-au-littoral-1024x991.jpeg 1024w, http:\/\/uccle-centre-art.org\/www2\/wp-content\/uploads\/2023\/09\/tytbalade-au-littoral-300x290.jpeg 300w, http:\/\/uccle-centre-art.org\/www2\/wp-content\/uploads\/2023\/09\/tytbalade-au-littoral-768x743.jpeg 768w, http:\/\/uccle-centre-art.org\/www2\/wp-content\/uploads\/2023\/09\/tytbalade-au-littoral-1536x1486.jpeg 1536w, http:\/\/uccle-centre-art.org\/www2\/wp-content\/uploads\/2023\/09\/tytbalade-au-littoral-2048x1982.jpeg 2048w\" sizes=\"auto, (max-width: 1024px) 100vw, 1024px\" \/><\/figure>\n\n\n\n<figure class=\"wp-block-image size-large\"><img loading=\"lazy\" decoding=\"async\" width=\"1063\" height=\"1061\" data-id=\"229\" src=\"http:\/\/uccle-centre-art.org\/www2\/wp-content\/uploads\/2021\/12\/fjcphwroexlcukqskjitabocmjbkzezi_mosa_4.jpg\" alt=\"\" class=\"wp-image-229\" srcset=\"http:\/\/uccle-centre-art.org\/www2\/wp-content\/uploads\/2021\/12\/fjcphwroexlcukqskjitabocmjbkzezi_mosa_4.jpg 1063w, http:\/\/uccle-centre-art.org\/www2\/wp-content\/uploads\/2021\/12\/fjcphwroexlcukqskjitabocmjbkzezi_mosa_4-300x300.jpg 300w, http:\/\/uccle-centre-art.org\/www2\/wp-content\/uploads\/2021\/12\/fjcphwroexlcukqskjitabocmjbkzezi_mosa_4-1024x1022.jpg 1024w, http:\/\/uccle-centre-art.org\/www2\/wp-content\/uploads\/2021\/12\/fjcphwroexlcukqskjitabocmjbkzezi_mosa_4-150x150.jpg 150w, http:\/\/uccle-centre-art.org\/www2\/wp-content\/uploads\/2021\/12\/fjcphwroexlcukqskjitabocmjbkzezi_mosa_4-768x767.jpg 768w\" sizes=\"auto, (max-width: 1063px) 100vw, 1063px\" \/><\/figure>\n<\/figure>\n<\/div>\n\n\n\n<div class=\"wp-block-column is-layout-flow wp-block-column-is-layout-flow\">\n<p><strong>IR\u00c8NE TYTGAT<\/strong><\/p>\n\n\n\n<p>Belgique, Bruxelles<\/p>\n\n\n\n<p><a href=\"tel:+32 474 90 27 73\">+32 474 90 27 73<\/a> | <a href=\"tel:+32 2 376 24 50\">+32 2 376 24 50<\/a> | <a href=\"mailto:irenetytgat@skynet.be\">irenetytgat@skynet.be<\/a> | <a href=\"http:\/\/irenetytgat.be\" target=\"_blank\" rel=\"noreferrer noopener\">irenetytgat.be<\/a><\/p>\n\n\n\n<p>N\u00e9e dans un milieu artistique, Ir\u00e8ne TYTGAT exp\u00e9rimente en autodidacte l\u2019huile, l\u2019aquarelle, le fusain, le pastel et l\u2019encre de Chine. Depuis 2003, elle \u00e9tudie, \u00e0 l\u2019\u00c9cole des Arts de Braine-l\u2019Alleud, successivement le dessin, la gravure et l\u2019art du verre. En 2007, la rencontre avec Agn\u00e8s France, une artiste du papier, fait na\u00eetre en elle une v\u00e9ritable passion pour le travail du papier.<\/p>\n\n\n\n<p>Depuis l\u2019\u00e9laboration de la p\u00e2te color\u00e9e jusqu\u2019\u00e0 la naissance des feuilles, une \u00e0 une, press\u00e9es, s\u00e9ch\u00e9es, d\u00e9coup\u00e9es, col\u00e9es, ses \u0153uvres \u00e9clatent de lumi\u00e8re et de chaleur et font deviner ses sources d\u2019inspirations in\u00e9puisables que sont le soleil, le ciel, l\u2019eau et la terre.<\/p>\n\n\n\n<p>Au c\u00f4t\u00e9 de toutes ces disciplines, s\u2019est install\u00e9 l\u2019amour du verre. Couper, placer et laisser fondre. Modeler, mouler et toujours laisser fondre. Tailler, poncer, polir, graver et regarder au travers la lumi\u00e8re jouer avec les facettes. Dans ses \u0153uvres de verre, l\u2019artiste utilise les couleurs et la transparence pour diffuser la lumi\u00e8re et les \u00e9clats de vie.<\/p>\n\n\n\n<p>Son objectif est de partager, avec le regard et le c\u0153ur de l\u2019autre, la fragilit\u00e9 d\u2019un fragment de seconde, la magie d\u2019un instant, la lumi\u00e8re du temps qui s\u2019\u00e9coule, autant de parts d\u2019amour pour la nature toute puissante et g\u00e9n\u00e9reuse. Les \u0153uvres d\u2019Ir\u00e8ne TYTGAT sont passeuses d\u2019une alchimie po\u00e9tique qui pose des couleurs sur la grisaille du quotidien.<\/p>\n\n\n\n<hr class=\"wp-block-separator has-css-opacity is-style-dots\"\/>\n\n\n\n<p class=\"has-small-font-size\">1 &#8211; Glass XXII-XI<\/p>\n\n\n\n<p class=\"has-small-font-size\">2 &#8211; Glass XII-XIV<\/p>\n\n\n\n<p class=\"has-small-font-size\">3 &#8211; L&rsquo;\u00e9t\u00e9 &#8211; papier<\/p>\n\n\n\n<p class=\"has-small-font-size\">4 &#8211; Balade au littoral &#8211; papier<\/p>\n\n\n\n<p class=\"has-small-font-size\">5 &#8211; Reflets du soleil &#8211; papier<\/p>\n<\/div>\n<\/div>\n","protected":false},"excerpt":{"rendered":"<p>IR\u00c8NE TYTGAT Belgique, Bruxelles +32 474 90 27 73 | +32 2 376 24 50 | irenetytgat@skynet.be | irenetytgat.be N\u00e9e dans un milieu artistique, Ir\u00e8ne TYTGAT exp\u00e9rimente en autodidacte l\u2019huile, l\u2019aquarelle, le fusain, le pastel et l\u2019encre de Chine. Depuis 2003, elle \u00e9tudie, \u00e0 l\u2019\u00c9cole des Arts de Braine-l\u2019Alleud, successivement le dessin, la gravure et&hellip;&nbsp;<a href=\"http:\/\/uccle-centre-art.org\/www2\/irene-tygat\/\" class=\"\" rel=\"bookmark\">Lire la suite &raquo;<span class=\"screen-reader-text\">IR\u00c8NE TYGAT<\/span><\/a><\/p>\n","protected":false},"author":1,"featured_media":0,"parent":0,"menu_order":0,"comment_status":"closed","ping_status":"closed","template":"","meta":{"neve_meta_sidebar":"","neve_meta_container":"","neve_meta_enable_content_width":"","neve_meta_content_width":0,"neve_meta_title_alignment":"","neve_meta_author_avatar":"","neve_post_elements_order":"","neve_meta_disable_header":"","neve_meta_disable_footer":"","neve_meta_disable_title":"on","footnotes":""},"class_list":["post-224","page","type-page","status-publish","hentry"],"_links":{"self":[{"href":"http:\/\/uccle-centre-art.org\/www2\/wp-json\/wp\/v2\/pages\/224","targetHints":{"allow":["GET"]}}],"collection":[{"href":"http:\/\/uccle-centre-art.org\/www2\/wp-json\/wp\/v2\/pages"}],"about":[{"href":"http:\/\/uccle-centre-art.org\/www2\/wp-json\/wp\/v2\/types\/page"}],"author":[{"embeddable":true,"href":"http:\/\/uccle-centre-art.org\/www2\/wp-json\/wp\/v2\/users\/1"}],"replies":[{"embeddable":true,"href":"http:\/\/uccle-centre-art.org\/www2\/wp-json\/wp\/v2\/comments?post=224"}],"version-history":[{"count":10,"href":"http:\/\/uccle-centre-art.org\/www2\/wp-json\/wp\/v2\/pages\/224\/revisions"}],"predecessor-version":[{"id":1853,"href":"http:\/\/uccle-centre-art.org\/www2\/wp-json\/wp\/v2\/pages\/224\/revisions\/1853"}],"wp:attachment":[{"href":"http:\/\/uccle-centre-art.org\/www2\/wp-json\/wp\/v2\/media?parent=224"}],"curies":[{"name":"wp","href":"https:\/\/api.w.org\/{rel}","templated":true}]}}

IRÈNE TYGAT

<div class="wp-block-columns is-layout-flex wp-container-core-columns-is-layout-9d6595d7 wp-block-columns-is-layout-flex">
<div class="wp-block-column is-layout-flow wp-block-column-is-layout-flow">
<figure class="wp-block-gallery has-nested-images columns-1 is-cropped wp-block-gallery-1 is-layout-flex wp-block-gallery-is-layout-flex">
<figure class="wp-block-image size-large"><img loading="lazy" decoding="async" width="1024" height="768" data-id="1847" src="http://uccle-centre-art.org/www2/wp-content/uploads/2023/09/TYTP1030768-1024x768.jpeg" alt="" class="wp-image-1847" srcset="http://uccle-centre-art.org/www2/wp-content/uploads/2023/09/TYTP1030768-1024x768.jpeg 1024w, http://uccle-centre-art.org/www2/wp-content/uploads/2023/09/TYTP1030768-300x225.jpeg 300w, http://uccle-centre-art.org/www2/wp-content/uploads/2023/09/TYTP1030768-768x576.jpeg 768w, http://uccle-centre-art.org/www2/wp-content/uploads/2023/09/TYTP1030768-1536x1152.jpeg 1536w, http://uccle-centre-art.org/www2/wp-content/uploads/2023/09/TYTP1030768-2048x1536.jpeg 2048w" sizes="auto, (max-width: 1024px) 100vw, 1024px" /></figure>



<figure class="wp-block-image size-large"><img loading="lazy" decoding="async" width="768" height="1024" data-id="1848" src="http://uccle-centre-art.org/www2/wp-content/uploads/2023/09/TYTP1050209-768x1024.jpeg" alt="" class="wp-image-1848" srcset="http://uccle-centre-art.org/www2/wp-content/uploads/2023/09/TYTP1050209-768x1024.jpeg 768w, http://uccle-centre-art.org/www2/wp-content/uploads/2023/09/TYTP1050209-225x300.jpeg 225w, http://uccle-centre-art.org/www2/wp-content/uploads/2023/09/TYTP1050209-1152x1536.jpeg 1152w, http://uccle-centre-art.org/www2/wp-content/uploads/2023/09/TYTP1050209-1536x2048.jpeg 1536w, http://uccle-centre-art.org/www2/wp-content/uploads/2023/09/TYTP1050209-scaled.jpeg 1920w" sizes="auto, (max-width: 768px) 100vw, 768px" /></figure>



<figure class="wp-block-image size-large"><img loading="lazy" decoding="async" width="1024" height="468" data-id="1845" src="http://uccle-centre-art.org/www2/wp-content/uploads/2023/09/TYT20230414_114637-1024x468.jpeg" alt="" class="wp-image-1845" srcset="http://uccle-centre-art.org/www2/wp-content/uploads/2023/09/TYT20230414_114637-1024x468.jpeg 1024w, http://uccle-centre-art.org/www2/wp-content/uploads/2023/09/TYT20230414_114637-300x137.jpeg 300w, http://uccle-centre-art.org/www2/wp-content/uploads/2023/09/TYT20230414_114637-768x351.jpeg 768w, http://uccle-centre-art.org/www2/wp-content/uploads/2023/09/TYT20230414_114637-1536x702.jpeg 1536w, http://uccle-centre-art.org/www2/wp-content/uploads/2023/09/TYT20230414_114637-2048x936.jpeg 2048w" sizes="auto, (max-width: 1024px) 100vw, 1024px" /></figure>



<figure class="wp-block-image size-large"><img loading="lazy" decoding="async" width="1024" height="991" data-id="1846" src="http://uccle-centre-art.org/www2/wp-content/uploads/2023/09/tytbalade-au-littoral-1024x991.jpeg" alt="" class="wp-image-1846" srcset="http://uccle-centre-art.org/www2/wp-content/uploads/2023/09/tytbalade-au-littoral-1024x991.jpeg 1024w, http://uccle-centre-art.org/www2/wp-content/uploads/2023/09/tytbalade-au-littoral-300x290.jpeg 300w, http://uccle-centre-art.org/www2/wp-content/uploads/2023/09/tytbalade-au-littoral-768x743.jpeg 768w, http://uccle-centre-art.org/www2/wp-content/uploads/2023/09/tytbalade-au-littoral-1536x1486.jpeg 1536w, http://uccle-centre-art.org/www2/wp-content/uploads/2023/09/tytbalade-au-littoral-2048x1982.jpeg 2048w" sizes="auto, (max-width: 1024px) 100vw, 1024px" /></figure>



<figure class="wp-block-image size-large"><img loading="lazy" decoding="async" width="1063" height="1061" data-id="229" src="http://uccle-centre-art.org/www2/wp-content/uploads/2021/12/fjcphwroexlcukqskjitabocmjbkzezi_mosa_4.jpg" alt="" class="wp-image-229" srcset="http://uccle-centre-art.org/www2/wp-content/uploads/2021/12/fjcphwroexlcukqskjitabocmjbkzezi_mosa_4.jpg 1063w, http://uccle-centre-art.org/www2/wp-content/uploads/2021/12/fjcphwroexlcukqskjitabocmjbkzezi_mosa_4-300x300.jpg 300w, http://uccle-centre-art.org/www2/wp-content/uploads/2021/12/fjcphwroexlcukqskjitabocmjbkzezi_mosa_4-1024x1022.jpg 1024w, http://uccle-centre-art.org/www2/wp-content/uploads/2021/12/fjcphwroexlcukqskjitabocmjbkzezi_mosa_4-150x150.jpg 150w, http://uccle-centre-art.org/www2/wp-content/uploads/2021/12/fjcphwroexlcukqskjitabocmjbkzezi_mosa_4-768x767.jpg 768w" sizes="auto, (max-width: 1063px) 100vw, 1063px" /></figure>
</figure>
</div>



<div class="wp-block-column is-layout-flow wp-block-column-is-layout-flow">
<p><strong>IRÈNE TYTGAT</strong></p>



<p>Belgique, Bruxelles</p>



<p><a href="tel:+32 474 90 27 73">+32 474 90 27 73</a> | <a href="tel:+32 2 376 24 50">+32 2 376 24 50</a> | <a href="mailto:irenetytgat@skynet.be">irenetytgat@skynet.be</a> | <a href="http://irenetytgat.be" target="_blank" rel="noreferrer noopener">irenetytgat.be</a></p>



<p>Née dans un milieu artistique, Irène TYTGAT expérimente en autodidacte l’huile, l’aquarelle, le fusain, le pastel et l’encre de Chine. Depuis 2003, elle étudie, à l’École des Arts de Braine-l’Alleud, successivement le dessin, la gravure et l’art du verre. En 2007, la rencontre avec Agnès France, une artiste du papier, fait naître en elle une véritable passion pour le travail du papier.</p>



<p>Depuis l’élaboration de la pâte colorée jusqu’à la naissance des feuilles, une à une, pressées, séchées, découpées, colées, ses œuvres éclatent de lumière et de chaleur et font deviner ses sources d’inspirations inépuisables que sont le soleil, le ciel, l’eau et la terre.</p>



<p>Au côté de toutes ces disciplines, s’est installé l’amour du verre. Couper, placer et laisser fondre. Modeler, mouler et toujours laisser fondre. Tailler, poncer, polir, graver et regarder au travers la lumière jouer avec les facettes. Dans ses œuvres de verre, l’artiste utilise les couleurs et la transparence pour diffuser la lumière et les éclats de vie.</p>



<p>Son objectif est de partager, avec le regard et le cœur de l’autre, la fragilité d’un fragment de seconde, la magie d’un instant, la lumière du temps qui s’écoule, autant de parts d’amour pour la nature toute puissante et généreuse. Les œuvres d’Irène TYTGAT sont passeuses d’une alchimie poétique qui pose des couleurs sur la grisaille du quotidien.</p>



<hr class="wp-block-separator has-css-opacity is-style-dots"/>



<p class="has-small-font-size">1 &#8211; Glass XXII-XI</p>



<p class="has-small-font-size">2 &#8211; Glass XII-XIV</p>



<p class="has-small-font-size">3 &#8211; L&rsquo;été &#8211; papier</p>



<p class="has-small-font-size">4 &#8211; Balade au littoral &#8211; papier</p>



<p class="has-small-font-size">5 &#8211; Reflets du soleil &#8211; papier</p>
</div>
</div>

<p>IRÈNE TYTGAT Belgique, Bruxelles +32 474 90 27 73 | +32 2 376 24 50 | irenetytgat@skynet.be | irenetytgat.be Née dans un milieu artistique, Irène TYTGAT expérimente en autodidacte l’huile, l’aquarelle, le fusain, le pastel et l’encre de Chine. Depuis 2003, elle étudie, à l’École des Arts de Braine-l’Alleud, successivement le dessin, la gravure et&hellip;&nbsp;<a href="http://uccle-centre-art.org/www2/irene-tygat/" class="" rel="bookmark">Lire la suite &raquo;<span class="screen-reader-text">IRÈNE TYGAT</span></a></p>
