{"id":310,"date":"2021-12-21T19:50:46","date_gmt":"2021-12-21T18:50:46","guid":{"rendered":"http:\/\/uccle-centre-art.org\/www2\/?page_id=310"},"modified":"2022-03-07T13:25:00","modified_gmt":"2022-03-07T12:25:00","slug":"marie-helene-leclercq","status":"publish","type":"page","link":"http:\/\/uccle-centre-art.org\/www2\/marie-helene-leclercq\/","title":{"rendered":"MARIE-H\u00c9L\u00c8NE LECLERCQ"},"content":{"rendered":"\n<div class=\"wp-block-columns is-layout-flex wp-container-core-columns-is-layout-9d6595d7 wp-block-columns-is-layout-flex\">\n<div class=\"wp-block-column is-layout-flow wp-block-column-is-layout-flow\">\n<figure class=\"wp-block-gallery has-nested-images columns-1 is-cropped wp-block-gallery-1 is-layout-flex wp-block-gallery-is-layout-flex\">\n<figure class=\"wp-block-image size-large\"><img loading=\"lazy\" decoding=\"async\" width=\"1181\" height=\"1181\" data-id=\"314\" src=\"http:\/\/uccle-centre-art.org\/www2\/wp-content\/uploads\/2021\/12\/jatdlyjpuizjromxlcmolpdcpjfiygjt_mosa_3.jpg\" alt=\"\" class=\"wp-image-314\" srcset=\"http:\/\/uccle-centre-art.org\/www2\/wp-content\/uploads\/2021\/12\/jatdlyjpuizjromxlcmolpdcpjfiygjt_mosa_3.jpg 1181w, http:\/\/uccle-centre-art.org\/www2\/wp-content\/uploads\/2021\/12\/jatdlyjpuizjromxlcmolpdcpjfiygjt_mosa_3-300x300.jpg 300w, http:\/\/uccle-centre-art.org\/www2\/wp-content\/uploads\/2021\/12\/jatdlyjpuizjromxlcmolpdcpjfiygjt_mosa_3-1024x1024.jpg 1024w, http:\/\/uccle-centre-art.org\/www2\/wp-content\/uploads\/2021\/12\/jatdlyjpuizjromxlcmolpdcpjfiygjt_mosa_3-150x150.jpg 150w, http:\/\/uccle-centre-art.org\/www2\/wp-content\/uploads\/2021\/12\/jatdlyjpuizjromxlcmolpdcpjfiygjt_mosa_3-768x768.jpg 768w\" sizes=\"auto, (max-width: 1181px) 100vw, 1181px\" \/><\/figure>\n\n\n\n<figure class=\"wp-block-image size-large\"><img loading=\"lazy\" decoding=\"async\" width=\"1181\" height=\"1181\" data-id=\"313\" src=\"http:\/\/uccle-centre-art.org\/www2\/wp-content\/uploads\/2021\/12\/jatdlyjpuizjromxlcmolpdcpjfiygjt_mosa_2.jpg\" alt=\"\" class=\"wp-image-313\" srcset=\"http:\/\/uccle-centre-art.org\/www2\/wp-content\/uploads\/2021\/12\/jatdlyjpuizjromxlcmolpdcpjfiygjt_mosa_2.jpg 1181w, http:\/\/uccle-centre-art.org\/www2\/wp-content\/uploads\/2021\/12\/jatdlyjpuizjromxlcmolpdcpjfiygjt_mosa_2-300x300.jpg 300w, http:\/\/uccle-centre-art.org\/www2\/wp-content\/uploads\/2021\/12\/jatdlyjpuizjromxlcmolpdcpjfiygjt_mosa_2-1024x1024.jpg 1024w, http:\/\/uccle-centre-art.org\/www2\/wp-content\/uploads\/2021\/12\/jatdlyjpuizjromxlcmolpdcpjfiygjt_mosa_2-150x150.jpg 150w, http:\/\/uccle-centre-art.org\/www2\/wp-content\/uploads\/2021\/12\/jatdlyjpuizjromxlcmolpdcpjfiygjt_mosa_2-768x768.jpg 768w\" sizes=\"auto, (max-width: 1181px) 100vw, 1181px\" \/><\/figure>\n\n\n\n<figure class=\"wp-block-image size-large\"><img loading=\"lazy\" decoding=\"async\" width=\"1181\" height=\"1181\" data-id=\"312\" src=\"http:\/\/uccle-centre-art.org\/www2\/wp-content\/uploads\/2021\/12\/jatdlyjpuizjromxlcmolpdcpjfiygjt_mosa_1.jpg\" alt=\"\" class=\"wp-image-312\" srcset=\"http:\/\/uccle-centre-art.org\/www2\/wp-content\/uploads\/2021\/12\/jatdlyjpuizjromxlcmolpdcpjfiygjt_mosa_1.jpg 1181w, http:\/\/uccle-centre-art.org\/www2\/wp-content\/uploads\/2021\/12\/jatdlyjpuizjromxlcmolpdcpjfiygjt_mosa_1-300x300.jpg 300w, http:\/\/uccle-centre-art.org\/www2\/wp-content\/uploads\/2021\/12\/jatdlyjpuizjromxlcmolpdcpjfiygjt_mosa_1-1024x1024.jpg 1024w, http:\/\/uccle-centre-art.org\/www2\/wp-content\/uploads\/2021\/12\/jatdlyjpuizjromxlcmolpdcpjfiygjt_mosa_1-150x150.jpg 150w, http:\/\/uccle-centre-art.org\/www2\/wp-content\/uploads\/2021\/12\/jatdlyjpuizjromxlcmolpdcpjfiygjt_mosa_1-768x768.jpg 768w\" sizes=\"auto, (max-width: 1181px) 100vw, 1181px\" \/><\/figure>\n\n\n\n<figure class=\"wp-block-image size-large\"><img loading=\"lazy\" decoding=\"async\" width=\"1181\" height=\"1181\" data-id=\"311\" src=\"http:\/\/uccle-centre-art.org\/www2\/wp-content\/uploads\/2021\/12\/jatdlyjpuizjromxlcmolpdcpjfiygjt_mosa_0.jpg\" alt=\"\" class=\"wp-image-311\" srcset=\"http:\/\/uccle-centre-art.org\/www2\/wp-content\/uploads\/2021\/12\/jatdlyjpuizjromxlcmolpdcpjfiygjt_mosa_0.jpg 1181w, http:\/\/uccle-centre-art.org\/www2\/wp-content\/uploads\/2021\/12\/jatdlyjpuizjromxlcmolpdcpjfiygjt_mosa_0-300x300.jpg 300w, http:\/\/uccle-centre-art.org\/www2\/wp-content\/uploads\/2021\/12\/jatdlyjpuizjromxlcmolpdcpjfiygjt_mosa_0-1024x1024.jpg 1024w, http:\/\/uccle-centre-art.org\/www2\/wp-content\/uploads\/2021\/12\/jatdlyjpuizjromxlcmolpdcpjfiygjt_mosa_0-150x150.jpg 150w, http:\/\/uccle-centre-art.org\/www2\/wp-content\/uploads\/2021\/12\/jatdlyjpuizjromxlcmolpdcpjfiygjt_mosa_0-768x768.jpg 768w\" sizes=\"auto, (max-width: 1181px) 100vw, 1181px\" \/><\/figure>\n<\/figure>\n<\/div>\n\n\n\n<div class=\"wp-block-column is-layout-flow wp-block-column-is-layout-flow\">\n<p><strong>MARIE-H\u00c9L\u00c8NE LECLERCQ<\/strong><\/p>\n\n\n\n<p><a href=\"tel:+32 479 44 79 95\">+32 479 44 79 95<\/a> | <a href=\"mailto:marieh.lec@gmail.com\">marieh.lec@gmail.com<\/a><\/p>\n\n\n\n<p><p align=\"justify\">Apr\u00e8s des \u00e9tudes \u00e0 Saint-Luc (Bruxelles), j\u2019ai fait ma carri\u00e8re comme \u00e9ducatrice dans un atelier de graphisme&nbsp;<br>\u00e0 La Clairi\u00e8re, au Centre de jour pour personnes souffrant d\u2019un handicap.&nbsp;<br>J\u2019ai eu un prix au Bilan de l\u2019Art contemporain (1983), puis le prix Andr\u00e9 Toetenel en 1988, puis j\u2019ai expos\u00e9 \u00e0 la bijouterie Badou, notamment en compagnie du grand c\u00e9ramiste, Antonio Lampecco. En 1993, \u00e0 la galerie Zinzen, j\u2019ai pr\u00e9sent\u00e9 un premier bilan de ma d\u00e9marche de peintre. En 1995, j\u2019ai expos\u00e9 chez Ada (Bruxelles). Par la suite, outre quelques expositions, mon travail est rest\u00e9 plus confidentiel, bien que je l\u2019ai montr\u00e9 \u00e0 plusieurs reprises dans le cadre de Parcours d\u2019artistes.&nbsp;<\/p><\/p>\n\n\n\n<p><p align=\"justify\">Mes peintures sont essentiellement des portraits \u00e0 l&rsquo;huile, qui ont \u00e0 la fois un aspect graphique et des couleurs appos\u00e9es en contraste avec le blanc. J\u2019ai longtemps \u00ab grav\u00e9 \u00bb ma peinture en imprimant une spirale, qui est \u00e0 la fois le symbole d\u2019un temps qui nous d\u00e9passe et une ouverture \u00e0 des dimensions imaginaires. Aujourd\u2019hui, j\u2019ai repris le portrait, mais avec l\u2019intention de d\u00e9velopper davantage la couleur.<\/p><\/p>\n\n\n\n<hr class=\"wp-block-separator is-style-dots\"\/>\n\n\n\n<p class=\"has-small-font-size\">1 &#8211; Auroportrait, huile<\/p>\n\n\n\n<p class=\"has-small-font-size\">2 &#8211; Samuel Beckett, huile<\/p>\n\n\n\n<p class=\"has-small-font-size\">3 &#8211; Animale, huile Edward Hopper, huile<\/p>\n<\/div>\n<\/div>\n","protected":false},"excerpt":{"rendered":"<p>MARIE-H\u00c9L\u00c8NE LECLERCQ +32 479 44 79 95 | marieh.lec@gmail.com Apr\u00e8s des \u00e9tudes \u00e0 Saint-Luc (Bruxelles), j\u2019ai fait ma carri\u00e8re comme \u00e9ducatrice dans un atelier de graphisme&nbsp;\u00e0 La Clairi\u00e8re, au Centre de jour pour personnes souffrant d\u2019un handicap.&nbsp;J\u2019ai eu un prix au Bilan de l\u2019Art contemporain (1983), puis le prix Andr\u00e9 Toetenel en 1988, puis j\u2019ai&hellip;&nbsp;<a href=\"http:\/\/uccle-centre-art.org\/www2\/marie-helene-leclercq\/\" class=\"\" rel=\"bookmark\">Lire la suite &raquo;<span class=\"screen-reader-text\">MARIE-H\u00c9L\u00c8NE LECLERCQ<\/span><\/a><\/p>\n","protected":false},"author":1,"featured_media":0,"parent":0,"menu_order":0,"comment_status":"closed","ping_status":"closed","template":"","meta":{"neve_meta_sidebar":"","neve_meta_container":"","neve_meta_enable_content_width":"","neve_meta_content_width":0,"neve_meta_title_alignment":"","neve_meta_author_avatar":"","neve_post_elements_order":"","neve_meta_disable_header":"","neve_meta_disable_footer":"","neve_meta_disable_title":"on","footnotes":""},"class_list":["post-310","page","type-page","status-publish","hentry"],"_links":{"self":[{"href":"http:\/\/uccle-centre-art.org\/www2\/wp-json\/wp\/v2\/pages\/310","targetHints":{"allow":["GET"]}}],"collection":[{"href":"http:\/\/uccle-centre-art.org\/www2\/wp-json\/wp\/v2\/pages"}],"about":[{"href":"http:\/\/uccle-centre-art.org\/www2\/wp-json\/wp\/v2\/types\/page"}],"author":[{"embeddable":true,"href":"http:\/\/uccle-centre-art.org\/www2\/wp-json\/wp\/v2\/users\/1"}],"replies":[{"embeddable":true,"href":"http:\/\/uccle-centre-art.org\/www2\/wp-json\/wp\/v2\/comments?post=310"}],"version-history":[{"count":8,"href":"http:\/\/uccle-centre-art.org\/www2\/wp-json\/wp\/v2\/pages\/310\/revisions"}],"predecessor-version":[{"id":1259,"href":"http:\/\/uccle-centre-art.org\/www2\/wp-json\/wp\/v2\/pages\/310\/revisions\/1259"}],"wp:attachment":[{"href":"http:\/\/uccle-centre-art.org\/www2\/wp-json\/wp\/v2\/media?parent=310"}],"curies":[{"name":"wp","href":"https:\/\/api.w.org\/{rel}","templated":true}]}}

MARIE-HÉLÈNE LECLERCQ

<div class="wp-block-columns is-layout-flex wp-container-core-columns-is-layout-9d6595d7 wp-block-columns-is-layout-flex">
<div class="wp-block-column is-layout-flow wp-block-column-is-layout-flow">
<figure class="wp-block-gallery has-nested-images columns-1 is-cropped wp-block-gallery-1 is-layout-flex wp-block-gallery-is-layout-flex">
<figure class="wp-block-image size-large"><img loading="lazy" decoding="async" width="1181" height="1181" data-id="314" src="http://uccle-centre-art.org/www2/wp-content/uploads/2021/12/jatdlyjpuizjromxlcmolpdcpjfiygjt_mosa_3.jpg" alt="" class="wp-image-314" srcset="http://uccle-centre-art.org/www2/wp-content/uploads/2021/12/jatdlyjpuizjromxlcmolpdcpjfiygjt_mosa_3.jpg 1181w, http://uccle-centre-art.org/www2/wp-content/uploads/2021/12/jatdlyjpuizjromxlcmolpdcpjfiygjt_mosa_3-300x300.jpg 300w, http://uccle-centre-art.org/www2/wp-content/uploads/2021/12/jatdlyjpuizjromxlcmolpdcpjfiygjt_mosa_3-1024x1024.jpg 1024w, http://uccle-centre-art.org/www2/wp-content/uploads/2021/12/jatdlyjpuizjromxlcmolpdcpjfiygjt_mosa_3-150x150.jpg 150w, http://uccle-centre-art.org/www2/wp-content/uploads/2021/12/jatdlyjpuizjromxlcmolpdcpjfiygjt_mosa_3-768x768.jpg 768w" sizes="auto, (max-width: 1181px) 100vw, 1181px" /></figure>



<figure class="wp-block-image size-large"><img loading="lazy" decoding="async" width="1181" height="1181" data-id="313" src="http://uccle-centre-art.org/www2/wp-content/uploads/2021/12/jatdlyjpuizjromxlcmolpdcpjfiygjt_mosa_2.jpg" alt="" class="wp-image-313" srcset="http://uccle-centre-art.org/www2/wp-content/uploads/2021/12/jatdlyjpuizjromxlcmolpdcpjfiygjt_mosa_2.jpg 1181w, http://uccle-centre-art.org/www2/wp-content/uploads/2021/12/jatdlyjpuizjromxlcmolpdcpjfiygjt_mosa_2-300x300.jpg 300w, http://uccle-centre-art.org/www2/wp-content/uploads/2021/12/jatdlyjpuizjromxlcmolpdcpjfiygjt_mosa_2-1024x1024.jpg 1024w, http://uccle-centre-art.org/www2/wp-content/uploads/2021/12/jatdlyjpuizjromxlcmolpdcpjfiygjt_mosa_2-150x150.jpg 150w, http://uccle-centre-art.org/www2/wp-content/uploads/2021/12/jatdlyjpuizjromxlcmolpdcpjfiygjt_mosa_2-768x768.jpg 768w" sizes="auto, (max-width: 1181px) 100vw, 1181px" /></figure>



<figure class="wp-block-image size-large"><img loading="lazy" decoding="async" width="1181" height="1181" data-id="312" src="http://uccle-centre-art.org/www2/wp-content/uploads/2021/12/jatdlyjpuizjromxlcmolpdcpjfiygjt_mosa_1.jpg" alt="" class="wp-image-312" srcset="http://uccle-centre-art.org/www2/wp-content/uploads/2021/12/jatdlyjpuizjromxlcmolpdcpjfiygjt_mosa_1.jpg 1181w, http://uccle-centre-art.org/www2/wp-content/uploads/2021/12/jatdlyjpuizjromxlcmolpdcpjfiygjt_mosa_1-300x300.jpg 300w, http://uccle-centre-art.org/www2/wp-content/uploads/2021/12/jatdlyjpuizjromxlcmolpdcpjfiygjt_mosa_1-1024x1024.jpg 1024w, http://uccle-centre-art.org/www2/wp-content/uploads/2021/12/jatdlyjpuizjromxlcmolpdcpjfiygjt_mosa_1-150x150.jpg 150w, http://uccle-centre-art.org/www2/wp-content/uploads/2021/12/jatdlyjpuizjromxlcmolpdcpjfiygjt_mosa_1-768x768.jpg 768w" sizes="auto, (max-width: 1181px) 100vw, 1181px" /></figure>



<figure class="wp-block-image size-large"><img loading="lazy" decoding="async" width="1181" height="1181" data-id="311" src="http://uccle-centre-art.org/www2/wp-content/uploads/2021/12/jatdlyjpuizjromxlcmolpdcpjfiygjt_mosa_0.jpg" alt="" class="wp-image-311" srcset="http://uccle-centre-art.org/www2/wp-content/uploads/2021/12/jatdlyjpuizjromxlcmolpdcpjfiygjt_mosa_0.jpg 1181w, http://uccle-centre-art.org/www2/wp-content/uploads/2021/12/jatdlyjpuizjromxlcmolpdcpjfiygjt_mosa_0-300x300.jpg 300w, http://uccle-centre-art.org/www2/wp-content/uploads/2021/12/jatdlyjpuizjromxlcmolpdcpjfiygjt_mosa_0-1024x1024.jpg 1024w, http://uccle-centre-art.org/www2/wp-content/uploads/2021/12/jatdlyjpuizjromxlcmolpdcpjfiygjt_mosa_0-150x150.jpg 150w, http://uccle-centre-art.org/www2/wp-content/uploads/2021/12/jatdlyjpuizjromxlcmolpdcpjfiygjt_mosa_0-768x768.jpg 768w" sizes="auto, (max-width: 1181px) 100vw, 1181px" /></figure>
</figure>
</div>



<div class="wp-block-column is-layout-flow wp-block-column-is-layout-flow">
<p><strong>MARIE-HÉLÈNE LECLERCQ</strong></p>



<p><a href="tel:+32 479 44 79 95">+32 479 44 79 95</a> | <a href="mailto:marieh.lec@gmail.com">marieh.lec@gmail.com</a></p>



<p><p align="justify">Après des études à Saint-Luc (Bruxelles), j’ai fait ma carrière comme éducatrice dans un atelier de graphisme&nbsp;<br>à La Clairière, au Centre de jour pour personnes souffrant d’un handicap.&nbsp;<br>J’ai eu un prix au Bilan de l’Art contemporain (1983), puis le prix André Toetenel en 1988, puis j’ai exposé à la bijouterie Badou, notamment en compagnie du grand céramiste, Antonio Lampecco. En 1993, à la galerie Zinzen, j’ai présenté un premier bilan de ma démarche de peintre. En 1995, j’ai exposé chez Ada (Bruxelles). Par la suite, outre quelques expositions, mon travail est resté plus confidentiel, bien que je l’ai montré à plusieurs reprises dans le cadre de Parcours d’artistes.&nbsp;</p></p>



<p><p align="justify">Mes peintures sont essentiellement des portraits à l&rsquo;huile, qui ont à la fois un aspect graphique et des couleurs apposées en contraste avec le blanc. J’ai longtemps « gravé » ma peinture en imprimant une spirale, qui est à la fois le symbole d’un temps qui nous dépasse et une ouverture à des dimensions imaginaires. Aujourd’hui, j’ai repris le portrait, mais avec l’intention de développer davantage la couleur.</p></p>



<hr class="wp-block-separator is-style-dots"/>



<p class="has-small-font-size">1 &#8211; Auroportrait, huile</p>



<p class="has-small-font-size">2 &#8211; Samuel Beckett, huile</p>



<p class="has-small-font-size">3 &#8211; Animale, huile Edward Hopper, huile</p>
</div>
</div>

<p>MARIE-HÉLÈNE LECLERCQ +32 479 44 79 95 | marieh.lec@gmail.com Après des études à Saint-Luc (Bruxelles), j’ai fait ma carrière comme éducatrice dans un atelier de graphisme&nbsp;à La Clairière, au Centre de jour pour personnes souffrant d’un handicap.&nbsp;J’ai eu un prix au Bilan de l’Art contemporain (1983), puis le prix André Toetenel en 1988, puis j’ai&hellip;&nbsp;<a href="http://uccle-centre-art.org/www2/marie-helene-leclercq/" class="" rel="bookmark">Lire la suite &raquo;<span class="screen-reader-text">MARIE-HÉLÈNE LECLERCQ</span></a></p>
