{"id":1909,"date":"2024-01-25T10:23:19","date_gmt":"2024-01-25T09:23:19","guid":{"rendered":"https:\/\/uccle-centre-art.org\/www2\/?page_id=1909"},"modified":"2024-01-25T10:23:19","modified_gmt":"2024-01-25T09:23:19","slug":"alter-valerie","status":"publish","type":"page","link":"https:\/\/uccle-centre-art.org\/www2\/alter-valerie\/","title":{"rendered":"ALTER VAL\u00c9RIE"},"content":{"rendered":"\n<div class=\"wp-block-columns is-layout-flex wp-container-core-columns-is-layout-9d6595d7 wp-block-columns-is-layout-flex\">\n<div class=\"wp-block-column is-layout-flow wp-block-column-is-layout-flow\">\n<figure class=\"wp-block-gallery has-nested-images columns-1 is-cropped wp-block-gallery-1 is-layout-flex wp-block-gallery-is-layout-flex\">\n<figure class=\"wp-block-image size-full\"><img loading=\"lazy\" decoding=\"async\" width=\"500\" height=\"667\" data-id=\"1913\" src=\"https:\/\/uccle-centre-art.org\/www2\/wp-content\/uploads\/2024\/01\/oeuvre1rrr.jpg\" alt=\"\" class=\"wp-image-1913\" srcset=\"https:\/\/uccle-centre-art.org\/www2\/wp-content\/uploads\/2024\/01\/oeuvre1rrr.jpg 500w, https:\/\/uccle-centre-art.org\/www2\/wp-content\/uploads\/2024\/01\/oeuvre1rrr-225x300.jpg 225w\" sizes=\"auto, (max-width: 500px) 100vw, 500px\" \/><\/figure>\n\n\n\n<figure class=\"wp-block-image size-large\"><img loading=\"lazy\" decoding=\"async\" width=\"820\" height=\"1024\" data-id=\"1914\" src=\"https:\/\/uccle-centre-art.org\/www2\/wp-content\/uploads\/2024\/01\/oeuvre2-820x1024.jpg\" alt=\"\" class=\"wp-image-1914\" srcset=\"https:\/\/uccle-centre-art.org\/www2\/wp-content\/uploads\/2024\/01\/oeuvre2-820x1024.jpg 820w, https:\/\/uccle-centre-art.org\/www2\/wp-content\/uploads\/2024\/01\/oeuvre2-240x300.jpg 240w, https:\/\/uccle-centre-art.org\/www2\/wp-content\/uploads\/2024\/01\/oeuvre2-768x959.jpg 768w, https:\/\/uccle-centre-art.org\/www2\/wp-content\/uploads\/2024\/01\/oeuvre2-1230x1536.jpg 1230w, https:\/\/uccle-centre-art.org\/www2\/wp-content\/uploads\/2024\/01\/oeuvre2-1640x2048.jpg 1640w\" sizes=\"auto, (max-width: 820px) 100vw, 820px\" \/><\/figure>\n\n\n\n<figure class=\"wp-block-image size-large\"><img loading=\"lazy\" decoding=\"async\" width=\"768\" height=\"1024\" data-id=\"1915\" src=\"https:\/\/uccle-centre-art.org\/www2\/wp-content\/uploads\/2024\/01\/oeuvre3-768x1024.jpg\" alt=\"\" class=\"wp-image-1915\" srcset=\"https:\/\/uccle-centre-art.org\/www2\/wp-content\/uploads\/2024\/01\/oeuvre3-768x1024.jpg 768w, https:\/\/uccle-centre-art.org\/www2\/wp-content\/uploads\/2024\/01\/oeuvre3-225x300.jpg 225w, https:\/\/uccle-centre-art.org\/www2\/wp-content\/uploads\/2024\/01\/oeuvre3-1152x1536.jpg 1152w, https:\/\/uccle-centre-art.org\/www2\/wp-content\/uploads\/2024\/01\/oeuvre3-1536x2048.jpg 1536w, https:\/\/uccle-centre-art.org\/www2\/wp-content\/uploads\/2024\/01\/oeuvre3-scaled.jpg 1920w\" sizes=\"auto, (max-width: 768px) 100vw, 768px\" \/><\/figure>\n<\/figure>\n<\/div>\n\n\n\n<div class=\"wp-block-column is-layout-flow wp-block-column-is-layout-flow\">\n<p><strong>ALTER VAL\u00c9RIE<\/strong><\/p>\n\n\n\n<p><a href=\"http:\/\/+32 2 374 93 36\">+32 475 35 18 49<\/a> | altervalerie1970@gmail.com | <a href=\"http:\/\/www.valeriealter.com\">www.valeriealter.com<\/a><\/p>\n\n\n\n<p>L\u2019artiste plasticienne Val\u00e9rie Alter ne se laisse pas enfermer dans une cat\u00e9gorie. Avec son \u0153uvre prot\u00e9iforme en constante r\u00e9invention, elle exploite les rapports entre la photographie, la peinture et l\u2019espace.<\/p>\n\n\n\n<p>Val\u00e9rie Alter offre au spectateur une r\u00e9flexion sur la d\u00e9licate essence de l\u2019\u00eatre. Une m\u00e9ditation sur le monde organique o\u00f9 l\u2019immersion dans la mati\u00e8re est quasi totale. Cette attention port\u00e9e aux textures surgit par un bouleversement des \u00e9chelles. Le regard sur la mati\u00e8re est incontournable et renforc\u00e9 par le support m\u00eame des tableaux.\u00a0<\/p>\n\n\n\n<p>L\u2019\u00e9ph\u00e9m\u00e8re et l\u2019invisible sont captur\u00e9s gr\u00e2ce au m\u00e9dium photographique que l\u2019artiste utilise comme un outil et jamais comme une fin. Le travail du plissement aussi bien que l\u2019emploi de la r\u00e9sine font de chacun de ses tableaux photographiques une cr\u00e9ation unique issue de l\u2019expression directe de l\u2019\u00e9motion individuelle.<\/p>\n\n\n\n<p>Les diff\u00e9rentes techniques utilis\u00e9es pour appliquer la photo ajoute une profondeur suppl\u00e9mentaire aux d\u00e9tails de ses tableaux qui appellent \u00e0 la fois \u00e0 la contemplation et au toucher, en proposant une exp\u00e9rience intime au spectateur.&nbsp;<\/p>\n\n\n\n<p>Val\u00e9rie Alter propose un art relationnel o\u00f9 sa sensibilit\u00e9 fait corps avec celle de son public par des cr\u00e9ations aussi envo\u00fbtantes que m\u00e9ditatives.<\/p>\n\n\n\n<p><\/p>\n\n\n\n<p><\/p>\n\n\n\n<p><\/p>\n\n\n\n<p><\/p>\n\n\n\n<hr class=\"wp-block-separator has-css-opacity is-style-dots\"\/>\n<\/div>\n<\/div>\n","protected":false},"excerpt":{"rendered":"<p>ALTER VAL\u00c9RIE +32 475 35 18 49 | altervalerie1970@gmail.com | www.valeriealter.com L\u2019artiste plasticienne Val\u00e9rie Alter ne se laisse pas enfermer dans une cat\u00e9gorie. Avec son \u0153uvre prot\u00e9iforme en constante r\u00e9invention, elle exploite les rapports entre la photographie, la peinture et l\u2019espace. Val\u00e9rie Alter offre au spectateur une r\u00e9flexion sur la d\u00e9licate essence de l\u2019\u00eatre. Une&hellip;&nbsp;<a href=\"https:\/\/uccle-centre-art.org\/www2\/alter-valerie\/\" class=\"\" rel=\"bookmark\">Lire la suite &raquo;<span class=\"screen-reader-text\">ALTER VAL\u00c9RIE<\/span><\/a><\/p>\n","protected":false},"author":1,"featured_media":0,"parent":0,"menu_order":0,"comment_status":"closed","ping_status":"closed","template":"","meta":{"neve_meta_sidebar":"","neve_meta_container":"","neve_meta_enable_content_width":"","neve_meta_content_width":0,"neve_meta_title_alignment":"","neve_meta_author_avatar":"","neve_post_elements_order":"","neve_meta_disable_header":"","neve_meta_disable_footer":"","neve_meta_disable_title":"","footnotes":""},"class_list":["post-1909","page","type-page","status-publish","hentry"],"_links":{"self":[{"href":"https:\/\/uccle-centre-art.org\/www2\/wp-json\/wp\/v2\/pages\/1909","targetHints":{"allow":["GET"]}}],"collection":[{"href":"https:\/\/uccle-centre-art.org\/www2\/wp-json\/wp\/v2\/pages"}],"about":[{"href":"https:\/\/uccle-centre-art.org\/www2\/wp-json\/wp\/v2\/types\/page"}],"author":[{"embeddable":true,"href":"https:\/\/uccle-centre-art.org\/www2\/wp-json\/wp\/v2\/users\/1"}],"replies":[{"embeddable":true,"href":"https:\/\/uccle-centre-art.org\/www2\/wp-json\/wp\/v2\/comments?post=1909"}],"version-history":[{"count":4,"href":"https:\/\/uccle-centre-art.org\/www2\/wp-json\/wp\/v2\/pages\/1909\/revisions"}],"predecessor-version":[{"id":1917,"href":"https:\/\/uccle-centre-art.org\/www2\/wp-json\/wp\/v2\/pages\/1909\/revisions\/1917"}],"wp:attachment":[{"href":"https:\/\/uccle-centre-art.org\/www2\/wp-json\/wp\/v2\/media?parent=1909"}],"curies":[{"name":"wp","href":"https:\/\/api.w.org\/{rel}","templated":true}]}}

ALTER VALÉRIE

<div class="wp-block-columns is-layout-flex wp-container-core-columns-is-layout-9d6595d7 wp-block-columns-is-layout-flex">
<div class="wp-block-column is-layout-flow wp-block-column-is-layout-flow">
<figure class="wp-block-gallery has-nested-images columns-1 is-cropped wp-block-gallery-1 is-layout-flex wp-block-gallery-is-layout-flex">
<figure class="wp-block-image size-full"><img loading="lazy" decoding="async" width="500" height="667" data-id="1913" src="https://uccle-centre-art.org/www2/wp-content/uploads/2024/01/oeuvre1rrr.jpg" alt="" class="wp-image-1913" srcset="https://uccle-centre-art.org/www2/wp-content/uploads/2024/01/oeuvre1rrr.jpg 500w, https://uccle-centre-art.org/www2/wp-content/uploads/2024/01/oeuvre1rrr-225x300.jpg 225w" sizes="auto, (max-width: 500px) 100vw, 500px" /></figure>



<figure class="wp-block-image size-large"><img loading="lazy" decoding="async" width="820" height="1024" data-id="1914" src="https://uccle-centre-art.org/www2/wp-content/uploads/2024/01/oeuvre2-820x1024.jpg" alt="" class="wp-image-1914" srcset="https://uccle-centre-art.org/www2/wp-content/uploads/2024/01/oeuvre2-820x1024.jpg 820w, https://uccle-centre-art.org/www2/wp-content/uploads/2024/01/oeuvre2-240x300.jpg 240w, https://uccle-centre-art.org/www2/wp-content/uploads/2024/01/oeuvre2-768x959.jpg 768w, https://uccle-centre-art.org/www2/wp-content/uploads/2024/01/oeuvre2-1230x1536.jpg 1230w, https://uccle-centre-art.org/www2/wp-content/uploads/2024/01/oeuvre2-1640x2048.jpg 1640w" sizes="auto, (max-width: 820px) 100vw, 820px" /></figure>



<figure class="wp-block-image size-large"><img loading="lazy" decoding="async" width="768" height="1024" data-id="1915" src="https://uccle-centre-art.org/www2/wp-content/uploads/2024/01/oeuvre3-768x1024.jpg" alt="" class="wp-image-1915" srcset="https://uccle-centre-art.org/www2/wp-content/uploads/2024/01/oeuvre3-768x1024.jpg 768w, https://uccle-centre-art.org/www2/wp-content/uploads/2024/01/oeuvre3-225x300.jpg 225w, https://uccle-centre-art.org/www2/wp-content/uploads/2024/01/oeuvre3-1152x1536.jpg 1152w, https://uccle-centre-art.org/www2/wp-content/uploads/2024/01/oeuvre3-1536x2048.jpg 1536w, https://uccle-centre-art.org/www2/wp-content/uploads/2024/01/oeuvre3-scaled.jpg 1920w" sizes="auto, (max-width: 768px) 100vw, 768px" /></figure>
</figure>
</div>



<div class="wp-block-column is-layout-flow wp-block-column-is-layout-flow">
<p><strong>ALTER VALÉRIE</strong></p>



<p><a href="http://+32 2 374 93 36">+32 475 35 18 49</a> | altervalerie1970@gmail.com | <a href="http://www.valeriealter.com">www.valeriealter.com</a></p>



<p>L’artiste plasticienne Valérie Alter ne se laisse pas enfermer dans une catégorie. Avec son œuvre protéiforme en constante réinvention, elle exploite les rapports entre la photographie, la peinture et l’espace.</p>



<p>Valérie Alter offre au spectateur une réflexion sur la délicate essence de l’être. Une méditation sur le monde organique où l’immersion dans la matière est quasi totale. Cette attention portée aux textures surgit par un bouleversement des échelles. Le regard sur la matière est incontournable et renforcé par le support même des tableaux. </p>



<p>L’éphémère et l’invisible sont capturés grâce au médium photographique que l’artiste utilise comme un outil et jamais comme une fin. Le travail du plissement aussi bien que l’emploi de la résine font de chacun de ses tableaux photographiques une création unique issue de l’expression directe de l’émotion individuelle.</p>



<p>Les différentes techniques utilisées pour appliquer la photo ajoute une profondeur supplémentaire aux détails de ses tableaux qui appellent à la fois à la contemplation et au toucher, en proposant une expérience intime au spectateur.&nbsp;</p>



<p>Valérie Alter propose un art relationnel où sa sensibilité fait corps avec celle de son public par des créations aussi envoûtantes que méditatives.</p>



<p></p>



<p></p>



<p></p>



<p></p>



<hr class="wp-block-separator has-css-opacity is-style-dots"/>
</div>
</div>

<p>ALTER VALÉRIE +32 475 35 18 49 | altervalerie1970@gmail.com | www.valeriealter.com L’artiste plasticienne Valérie Alter ne se laisse pas enfermer dans une catégorie. Avec son œuvre protéiforme en constante réinvention, elle exploite les rapports entre la photographie, la peinture et l’espace. Valérie Alter offre au spectateur une réflexion sur la délicate essence de l’être. Une&hellip;&nbsp;<a href="https://uccle-centre-art.org/www2/alter-valerie/" class="" rel="bookmark">Lire la suite &raquo;<span class="screen-reader-text">ALTER VALÉRIE</span></a></p>
