{"id":978,"date":"2022-02-06T13:49:26","date_gmt":"2022-02-06T12:49:26","guid":{"rendered":"http:\/\/uccle-centre-art.org\/www2\/?page_id=978"},"modified":"2025-10-06T23:12:55","modified_gmt":"2025-10-06T21:12:55","slug":"evenements-passes","status":"publish","type":"page","link":"https:\/\/uccle-centre-art.org\/www2\/evenements-passes\/","title":{"rendered":"\u00c9V\u00c9NEMENTS PASS\u00c9S:"},"content":{"rendered":"\n<figure class=\"wp-block-image size-large is-resized\"><img loading=\"lazy\" decoding=\"async\" width=\"1024\" height=\"734\" src=\"https:\/\/uccle-centre-art.org\/www2\/wp-content\/uploads\/2025\/10\/Capture-decran-2025-10-06-a-23.09.12-1-1024x734.png\" alt=\"\" class=\"wp-image-2102\" style=\"width:1101px;height:auto\" srcset=\"https:\/\/uccle-centre-art.org\/www2\/wp-content\/uploads\/2025\/10\/Capture-decran-2025-10-06-a-23.09.12-1-1024x734.png 1024w, https:\/\/uccle-centre-art.org\/www2\/wp-content\/uploads\/2025\/10\/Capture-decran-2025-10-06-a-23.09.12-1-300x215.png 300w, https:\/\/uccle-centre-art.org\/www2\/wp-content\/uploads\/2025\/10\/Capture-decran-2025-10-06-a-23.09.12-1-768x550.png 768w, https:\/\/uccle-centre-art.org\/www2\/wp-content\/uploads\/2025\/10\/Capture-decran-2025-10-06-a-23.09.12-1-1536x1100.png 1536w, https:\/\/uccle-centre-art.org\/www2\/wp-content\/uploads\/2025\/10\/Capture-decran-2025-10-06-a-23.09.12-1.png 2024w\" sizes=\"auto, (max-width: 1024px) 100vw, 1024px\" \/><\/figure>\n\n\n\n<p><\/p>\n\n\n\n<hr class=\"wp-block-separator has-alpha-channel-opacity\"\/>\n\n\n\n<figure class=\"wp-block-image size-large is-resized\"><img loading=\"lazy\" decoding=\"async\" width=\"958\" height=\"1024\" src=\"http:\/\/uccle-centre-art.org\/www2\/wp-content\/uploads\/2025\/01\/Capture-decran-2024-11-25-a-12.35.13-958x1024.png\" alt=\"\" class=\"wp-image-2020\" style=\"width:542px;height:auto\" srcset=\"https:\/\/uccle-centre-art.org\/www2\/wp-content\/uploads\/2025\/01\/Capture-decran-2024-11-25-a-12.35.13-958x1024.png 958w, https:\/\/uccle-centre-art.org\/www2\/wp-content\/uploads\/2025\/01\/Capture-decran-2024-11-25-a-12.35.13-281x300.png 281w, https:\/\/uccle-centre-art.org\/www2\/wp-content\/uploads\/2025\/01\/Capture-decran-2024-11-25-a-12.35.13-768x821.png 768w, https:\/\/uccle-centre-art.org\/www2\/wp-content\/uploads\/2025\/01\/Capture-decran-2024-11-25-a-12.35.13-1437x1536.png 1437w, https:\/\/uccle-centre-art.org\/www2\/wp-content\/uploads\/2025\/01\/Capture-decran-2024-11-25-a-12.35.13.png 1450w\" sizes=\"auto, (max-width: 958px) 100vw, 958px\" \/><\/figure>\n\n\n\n<hr class=\"wp-block-separator has-alpha-channel-opacity\"\/>\n\n\n\n<figure class=\"wp-block-image size-large is-resized\"><img loading=\"lazy\" decoding=\"async\" width=\"1024\" height=\"771\" src=\"http:\/\/uccle-centre-art.org\/www2\/wp-content\/uploads\/2024\/04\/ExpoMtPietesite-evenement-a-venir-1024x771.jpg\" alt=\"\" class=\"wp-image-1971\" style=\"width:543px;height:auto\" srcset=\"https:\/\/uccle-centre-art.org\/www2\/wp-content\/uploads\/2024\/04\/ExpoMtPietesite-evenement-a-venir-1024x771.jpg 1024w, https:\/\/uccle-centre-art.org\/www2\/wp-content\/uploads\/2024\/04\/ExpoMtPietesite-evenement-a-venir-300x226.jpg 300w, https:\/\/uccle-centre-art.org\/www2\/wp-content\/uploads\/2024\/04\/ExpoMtPietesite-evenement-a-venir-768x578.jpg 768w, https:\/\/uccle-centre-art.org\/www2\/wp-content\/uploads\/2024\/04\/ExpoMtPietesite-evenement-a-venir-1536x1156.jpg 1536w, https:\/\/uccle-centre-art.org\/www2\/wp-content\/uploads\/2024\/04\/ExpoMtPietesite-evenement-a-venir-2048x1541.jpg 2048w\" sizes=\"auto, (max-width: 1024px) 100vw, 1024px\" \/><\/figure>\n\n\n\n<p>\/<\/p>\n\n\n\n<hr class=\"wp-block-separator has-alpha-channel-opacity\"\/>\n\n\n\n<figure class=\"wp-block-gallery has-nested-images columns-default is-cropped wp-block-gallery-1 is-layout-flex wp-block-gallery-is-layout-flex\"><\/figure>\n\n\n\n<figure class=\"wp-block-image size-full is-resized\"><img loading=\"lazy\" decoding=\"async\" width=\"1090\" height=\"1972\" src=\"http:\/\/uccle-centre-art.org\/www2\/wp-content\/uploads\/2023\/11\/minimart2023.jpeg\" alt=\"\" class=\"wp-image-1860\" style=\"width:387px;height:auto\" srcset=\"https:\/\/uccle-centre-art.org\/www2\/wp-content\/uploads\/2023\/11\/minimart2023.jpeg 1090w, https:\/\/uccle-centre-art.org\/www2\/wp-content\/uploads\/2023\/11\/minimart2023-166x300.jpeg 166w, https:\/\/uccle-centre-art.org\/www2\/wp-content\/uploads\/2023\/11\/minimart2023-566x1024.jpeg 566w, https:\/\/uccle-centre-art.org\/www2\/wp-content\/uploads\/2023\/11\/minimart2023-768x1389.jpeg 768w, https:\/\/uccle-centre-art.org\/www2\/wp-content\/uploads\/2023\/11\/minimart2023-849x1536.jpeg 849w\" sizes=\"auto, (max-width: 1090px) 100vw, 1090px\" \/><\/figure>\n\n\n\n<hr class=\"wp-block-separator has-alpha-channel-opacity\"\/>\n\n\n\n<hr class=\"wp-block-separator has-alpha-channel-opacity\"\/>\n\n\n\n<h3 class=\"wp-block-heading\" id=\"expo-2021\">Exposition PRINTEMPS 2023 <\/h3>\n\n\n\n<figure class=\"wp-block-image size-full is-resized\"><img loading=\"lazy\" decoding=\"async\" width=\"847\" height=\"802\" src=\"http:\/\/uccle-centre-art.org\/www2\/wp-content\/uploads\/2023\/06\/17107BEB-F256-46BF-B957-4BC7E135A33A.jpeg\" alt=\"\" class=\"wp-image-1833\" style=\"width:491px;height:auto\" srcset=\"https:\/\/uccle-centre-art.org\/www2\/wp-content\/uploads\/2023\/06\/17107BEB-F256-46BF-B957-4BC7E135A33A.jpeg 847w, https:\/\/uccle-centre-art.org\/www2\/wp-content\/uploads\/2023\/06\/17107BEB-F256-46BF-B957-4BC7E135A33A-300x284.jpeg 300w, https:\/\/uccle-centre-art.org\/www2\/wp-content\/uploads\/2023\/06\/17107BEB-F256-46BF-B957-4BC7E135A33A-768x727.jpeg 768w\" sizes=\"auto, (max-width: 847px) 100vw, 847px\" \/><\/figure>\n\n\n\n<hr class=\"wp-block-separator has-alpha-channel-opacity\"\/>\n\n\n\n<p class=\"has-large-font-size\"><strong>CENTENAIRE<\/strong> UCA  :  Septembre 2022<\/p>\n\n\n\n<p><\/p>\n\n\n\n<figure class=\"wp-block-image size-large is-resized\"><img loading=\"lazy\" decoding=\"async\" width=\"1024\" height=\"768\" src=\"http:\/\/uccle-centre-art.org\/www2\/wp-content\/uploads\/2022\/11\/20220911_185305-1024x768.jpg\" alt=\"\" class=\"wp-image-1632\" style=\"width:1027px;height:auto\" srcset=\"https:\/\/uccle-centre-art.org\/www2\/wp-content\/uploads\/2022\/11\/20220911_185305-1024x768.jpg 1024w, https:\/\/uccle-centre-art.org\/www2\/wp-content\/uploads\/2022\/11\/20220911_185305-300x225.jpg 300w, https:\/\/uccle-centre-art.org\/www2\/wp-content\/uploads\/2022\/11\/20220911_185305-768x576.jpg 768w, https:\/\/uccle-centre-art.org\/www2\/wp-content\/uploads\/2022\/11\/20220911_185305-1536x1152.jpg 1536w, https:\/\/uccle-centre-art.org\/www2\/wp-content\/uploads\/2022\/11\/20220911_185305-2048x1536.jpg 2048w\" sizes=\"auto, (max-width: 1024px) 100vw, 1024px\" \/><\/figure>\n\n\n\n<p>Membres d&rsquo;aujourd&rsquo;hui &#8211; 11 septembre 2022<\/p>\n\n\n\n<figure class=\"wp-block-image\"><img loading=\"lazy\" decoding=\"async\" width=\"1024\" height=\"768\" src=\"http:\/\/uccle-centre-art.org\/www2\/wp-content\/uploads\/2022\/11\/20220911_144817-1024x768.jpg\" alt=\"\" class=\"wp-image-1650\" srcset=\"https:\/\/uccle-centre-art.org\/www2\/wp-content\/uploads\/2022\/11\/20220911_144817-1024x768.jpg 1024w, https:\/\/uccle-centre-art.org\/www2\/wp-content\/uploads\/2022\/11\/20220911_144817-300x225.jpg 300w, https:\/\/uccle-centre-art.org\/www2\/wp-content\/uploads\/2022\/11\/20220911_144817-768x576.jpg 768w, https:\/\/uccle-centre-art.org\/www2\/wp-content\/uploads\/2022\/11\/20220911_144817-1536x1152.jpg 1536w, https:\/\/uccle-centre-art.org\/www2\/wp-content\/uploads\/2022\/11\/20220911_144817-2048x1536.jpg 2048w\" sizes=\"auto, (max-width: 1024px) 100vw, 1024px\" \/><\/figure>\n\n\n\n<p>Pr\u00e9paration du Centenaire &#8211; Ferme Rose &#8211; septembre 2022<\/p>\n\n\n\n<figure class=\"wp-block-image size-large is-resized\"><img loading=\"lazy\" decoding=\"async\" width=\"1024\" height=\"768\" src=\"http:\/\/uccle-centre-art.org\/www2\/wp-content\/uploads\/2022\/11\/2022.09.04..-5-1024x768.jpg\" alt=\"\" class=\"wp-image-1638\" srcset=\"https:\/\/uccle-centre-art.org\/www2\/wp-content\/uploads\/2022\/11\/2022.09.04..-5-1024x768.jpg 1024w, https:\/\/uccle-centre-art.org\/www2\/wp-content\/uploads\/2022\/11\/2022.09.04..-5-300x225.jpg 300w, https:\/\/uccle-centre-art.org\/www2\/wp-content\/uploads\/2022\/11\/2022.09.04..-5-768x576.jpg 768w, https:\/\/uccle-centre-art.org\/www2\/wp-content\/uploads\/2022\/11\/2022.09.04..-5-1536x1152.jpg 1536w, https:\/\/uccle-centre-art.org\/www2\/wp-content\/uploads\/2022\/11\/2022.09.04..-5-2048x1536.jpg 2048w\" sizes=\"auto, (max-width: 1024px) 100vw, 1024px\" \/><\/figure>\n\n\n\n<p>Exposition des anciens \u00e0  la Maison des Arts &#8211; septembre 2022<\/p>\n\n\n\n<figure class=\"wp-block-image\"><img loading=\"lazy\" decoding=\"async\" width=\"640\" height=\"480\" src=\"http:\/\/uccle-centre-art.org\/www2\/wp-content\/uploads\/2022\/11\/IMG_5906.jpg\" alt=\"\" class=\"wp-image-1659\" srcset=\"https:\/\/uccle-centre-art.org\/www2\/wp-content\/uploads\/2022\/11\/IMG_5906.jpg 640w, https:\/\/uccle-centre-art.org\/www2\/wp-content\/uploads\/2022\/11\/IMG_5906-300x225.jpg 300w\" sizes=\"auto, (max-width: 640px) 100vw, 640px\" \/><\/figure>\n\n\n\n<p>Essais lumi\u00e8res &#8211; Ferme Rose &#8211; septembre 2022<\/p>\n\n\n\n<figure class=\"wp-block-image size-large is-resized\"><img loading=\"lazy\" decoding=\"async\" width=\"1024\" height=\"768\" src=\"http:\/\/uccle-centre-art.org\/www2\/wp-content\/uploads\/2022\/11\/20220902_204801-1024x768.jpg\" alt=\"\" class=\"wp-image-1639\" srcset=\"https:\/\/uccle-centre-art.org\/www2\/wp-content\/uploads\/2022\/11\/20220902_204801-1024x768.jpg 1024w, https:\/\/uccle-centre-art.org\/www2\/wp-content\/uploads\/2022\/11\/20220902_204801-300x225.jpg 300w, https:\/\/uccle-centre-art.org\/www2\/wp-content\/uploads\/2022\/11\/20220902_204801-768x576.jpg 768w, https:\/\/uccle-centre-art.org\/www2\/wp-content\/uploads\/2022\/11\/20220902_204801-1536x1152.jpg 1536w, https:\/\/uccle-centre-art.org\/www2\/wp-content\/uploads\/2022\/11\/20220902_204801-2048x1536.jpg 2048w\" sizes=\"auto, (max-width: 1024px) 100vw, 1024px\" \/><\/figure>\n\n\n\n<p>Concert \u00e0 l&rsquo;occasion du vernissage du centenaire \u00e0 la Ferme Rose &#8211; septembre 2022<\/p>\n\n\n\n<figure class=\"wp-block-image size-large is-resized\"><img loading=\"lazy\" decoding=\"async\" width=\"1024\" height=\"768\" src=\"http:\/\/uccle-centre-art.org\/www2\/wp-content\/uploads\/2022\/11\/20220911_113802-1-1024x768.jpg\" alt=\"\" class=\"wp-image-1644\" srcset=\"https:\/\/uccle-centre-art.org\/www2\/wp-content\/uploads\/2022\/11\/20220911_113802-1-1024x768.jpg 1024w, https:\/\/uccle-centre-art.org\/www2\/wp-content\/uploads\/2022\/11\/20220911_113802-1-300x225.jpg 300w, https:\/\/uccle-centre-art.org\/www2\/wp-content\/uploads\/2022\/11\/20220911_113802-1-768x576.jpg 768w, https:\/\/uccle-centre-art.org\/www2\/wp-content\/uploads\/2022\/11\/20220911_113802-1-1536x1152.jpg 1536w, https:\/\/uccle-centre-art.org\/www2\/wp-content\/uploads\/2022\/11\/20220911_113802-1-2048x1536.jpg 2048w\" sizes=\"auto, (max-width: 1024px) 100vw, 1024px\" \/><\/figure>\n\n\n\n<p>Exposition des membres actuels \u00e0 la Ferme Rose &#8211; Salle 1 &#8211; septembre 2022 <\/p>\n\n\n\n<figure class=\"wp-block-image size-large is-resized\"><img loading=\"lazy\" decoding=\"async\" width=\"1024\" height=\"768\" src=\"http:\/\/uccle-centre-art.org\/www2\/wp-content\/uploads\/2022\/11\/2022.09.03-2-1024x768.jpg\" alt=\"\" class=\"wp-image-1647\" srcset=\"https:\/\/uccle-centre-art.org\/www2\/wp-content\/uploads\/2022\/11\/2022.09.03-2-1024x768.jpg 1024w, https:\/\/uccle-centre-art.org\/www2\/wp-content\/uploads\/2022\/11\/2022.09.03-2-300x225.jpg 300w, https:\/\/uccle-centre-art.org\/www2\/wp-content\/uploads\/2022\/11\/2022.09.03-2-768x576.jpg 768w, https:\/\/uccle-centre-art.org\/www2\/wp-content\/uploads\/2022\/11\/2022.09.03-2-1536x1152.jpg 1536w, https:\/\/uccle-centre-art.org\/www2\/wp-content\/uploads\/2022\/11\/2022.09.03-2-2048x1536.jpg 2048w\" sizes=\"auto, (max-width: 1024px) 100vw, 1024px\" \/><\/figure>\n\n\n\n<p>Exposition des membres actuels \u00e0 la Ferme Rose &#8211; Salle 2 &#8211; septembre 2022 <\/p>\n\n\n\n<figure class=\"wp-block-image size-large is-resized\"><img loading=\"lazy\" decoding=\"async\" width=\"1024\" height=\"768\" src=\"http:\/\/uccle-centre-art.org\/www2\/wp-content\/uploads\/2022\/11\/P1040565-1-1024x768.jpg\" alt=\"\" class=\"wp-image-1655\" srcset=\"https:\/\/uccle-centre-art.org\/www2\/wp-content\/uploads\/2022\/11\/P1040565-1-1024x768.jpg 1024w, https:\/\/uccle-centre-art.org\/www2\/wp-content\/uploads\/2022\/11\/P1040565-1-300x225.jpg 300w, https:\/\/uccle-centre-art.org\/www2\/wp-content\/uploads\/2022\/11\/P1040565-1-768x576.jpg 768w, https:\/\/uccle-centre-art.org\/www2\/wp-content\/uploads\/2022\/11\/P1040565-1-1536x1152.jpg 1536w, https:\/\/uccle-centre-art.org\/www2\/wp-content\/uploads\/2022\/11\/P1040565-1-2048x1536.jpg 2048w\" sizes=\"auto, (max-width: 1024px) 100vw, 1024px\" \/><\/figure>\n\n\n\n<p>D\u00e9monstration \u00ab\u00a0Taille sur pierre\u00a0\u00bb par Richard Thomas &#8211; 3 septembre 2022<\/p>\n\n\n\n<figure class=\"wp-block-image size-full is-resized\"><img loading=\"lazy\" decoding=\"async\" width=\"640\" height=\"480\" src=\"http:\/\/uccle-centre-art.org\/www2\/wp-content\/uploads\/2022\/11\/IMG_5596.jpg\" alt=\"\" class=\"wp-image-1661\" srcset=\"https:\/\/uccle-centre-art.org\/www2\/wp-content\/uploads\/2022\/11\/IMG_5596.jpg 640w, https:\/\/uccle-centre-art.org\/www2\/wp-content\/uploads\/2022\/11\/IMG_5596-300x225.jpg 300w\" sizes=\"auto, (max-width: 640px) 100vw, 640px\" \/><\/figure>\n\n\n\n<p>D\u00e9monstration de fabrication de papier par Ir\u00e8ne Tytgat &#8211; septembre 2022<\/p>\n\n\n\n<figure class=\"wp-block-image size-large is-resized\"><img loading=\"lazy\" decoding=\"async\" width=\"1024\" height=\"768\" src=\"http:\/\/uccle-centre-art.org\/www2\/wp-content\/uploads\/2022\/11\/P1040582-1024x768.jpg\" alt=\"\" class=\"wp-image-1656\" srcset=\"https:\/\/uccle-centre-art.org\/www2\/wp-content\/uploads\/2022\/11\/P1040582-1024x768.jpg 1024w, https:\/\/uccle-centre-art.org\/www2\/wp-content\/uploads\/2022\/11\/P1040582-300x225.jpg 300w, https:\/\/uccle-centre-art.org\/www2\/wp-content\/uploads\/2022\/11\/P1040582-768x576.jpg 768w, https:\/\/uccle-centre-art.org\/www2\/wp-content\/uploads\/2022\/11\/P1040582-1536x1152.jpg 1536w, https:\/\/uccle-centre-art.org\/www2\/wp-content\/uploads\/2022\/11\/P1040582-2048x1536.jpg 2048w\" sizes=\"auto, (max-width: 1024px) 100vw, 1024px\" \/><\/figure>\n\n\n\n<p>D\u00e9monstration Street Art par Tom Soyer \u00e0 la Ferme Rose &#8211; 3 septembre 2022<\/p>\n\n\n\n<hr class=\"wp-block-separator has-css-opacity\"\/>\n\n\n\n<p><\/p>\n\n\n\n<p class=\"has-medium-font-size\" style=\"text-transform:uppercase\"><strong>D\u00e9couverte du Street Art \u00e0 Uccle en v\u00e9lo  <\/strong><\/p>\n\n\n\n<p class=\"has-small-font-size\" style=\"text-transform:uppercase\"><strong>Parcours<\/strong> <strong>organis\u00e9 par Marc Jadoul<\/strong><\/p>\n\n\n\n<figure class=\"wp-block-image size-large is-resized\"><img loading=\"lazy\" decoding=\"async\" width=\"1024\" height=\"768\" src=\"http:\/\/uccle-centre-art.org\/www2\/wp-content\/uploads\/2022\/05\/\u2022-P1030040-1024x768.jpg\" alt=\"\" class=\"wp-image-1530\" srcset=\"https:\/\/uccle-centre-art.org\/www2\/wp-content\/uploads\/2022\/05\/\u2022-P1030040-1024x768.jpg 1024w, https:\/\/uccle-centre-art.org\/www2\/wp-content\/uploads\/2022\/05\/\u2022-P1030040-300x225.jpg 300w, https:\/\/uccle-centre-art.org\/www2\/wp-content\/uploads\/2022\/05\/\u2022-P1030040-768x576.jpg 768w, https:\/\/uccle-centre-art.org\/www2\/wp-content\/uploads\/2022\/05\/\u2022-P1030040-1536x1152.jpg 1536w, https:\/\/uccle-centre-art.org\/www2\/wp-content\/uploads\/2022\/05\/\u2022-P1030040-2048x1536.jpg 2048w\" sizes=\"auto, (max-width: 1024px) 100vw, 1024px\" \/><\/figure>\n\n\n\n<figure class=\"wp-block-image size-large is-resized\"><img loading=\"lazy\" decoding=\"async\" width=\"1024\" height=\"768\" src=\"http:\/\/uccle-centre-art.org\/www2\/wp-content\/uploads\/2022\/05\/\u2022-P1030069-1024x768.jpg\" alt=\"\" class=\"wp-image-1531\" srcset=\"https:\/\/uccle-centre-art.org\/www2\/wp-content\/uploads\/2022\/05\/\u2022-P1030069-1024x768.jpg 1024w, https:\/\/uccle-centre-art.org\/www2\/wp-content\/uploads\/2022\/05\/\u2022-P1030069-300x225.jpg 300w, https:\/\/uccle-centre-art.org\/www2\/wp-content\/uploads\/2022\/05\/\u2022-P1030069-768x576.jpg 768w, https:\/\/uccle-centre-art.org\/www2\/wp-content\/uploads\/2022\/05\/\u2022-P1030069-1536x1152.jpg 1536w, https:\/\/uccle-centre-art.org\/www2\/wp-content\/uploads\/2022\/05\/\u2022-P1030069-2048x1536.jpg 2048w\" sizes=\"auto, (max-width: 1024px) 100vw, 1024px\" \/><\/figure>\n\n\n\n<hr class=\"wp-block-separator has-css-opacity\"\/>\n\n\n\n<h3 class=\"wp-block-heading\" id=\"expo-2021\">EXPO 2021<\/h3>\n\n\n\n<p class=\"has-text-align-left\"><strong>27\/08\/2021 | 05\/09\/2021<\/strong><\/p>\n\n\n\n<p class=\"has-text-align-left\"><strong>La Ferme Rose<\/strong><\/p>\n\n\n\n<div class=\"wp-block-media-text is-stacked-on-mobile is-vertically-aligned-center\" style=\"grid-template-columns:52% auto\"><figure class=\"wp-block-media-text__media\"><img loading=\"lazy\" decoding=\"async\" width=\"1024\" height=\"768\" src=\"http:\/\/uccle-centre-art.org\/www2\/wp-content\/uploads\/2022\/02\/1-20210825_172912-copie-1024x768.jpg\" alt=\"\" class=\"wp-image-979 size-full\" srcset=\"https:\/\/uccle-centre-art.org\/www2\/wp-content\/uploads\/2022\/02\/1-20210825_172912-copie-1024x768.jpg 1024w, https:\/\/uccle-centre-art.org\/www2\/wp-content\/uploads\/2022\/02\/1-20210825_172912-copie-300x225.jpg 300w, https:\/\/uccle-centre-art.org\/www2\/wp-content\/uploads\/2022\/02\/1-20210825_172912-copie-768x576.jpg 768w, https:\/\/uccle-centre-art.org\/www2\/wp-content\/uploads\/2022\/02\/1-20210825_172912-copie-1536x1152.jpg 1536w, https:\/\/uccle-centre-art.org\/www2\/wp-content\/uploads\/2022\/02\/1-20210825_172912-copie-2048x1536.jpg 2048w\" sizes=\"auto, (max-width: 1024px) 100vw, 1024px\" \/><\/figure><div class=\"wp-block-media-text__content\">\n<h3 class=\"wp-block-heading\" id=\"expo-2021\"><\/h3>\n<\/div><\/div>\n\n\n\n<hr class=\"wp-block-separator has-css-opacity\"\/>\n\n\n\n<h3 class=\"wp-block-heading\" id=\"expo-2021\">Exposition \u00e0 Tokyo 2021 <\/h3>\n\n\n\n<p class=\"has-text-align-left\"><strong>27\/08\/2021 | 05\/09\/2021<\/strong><\/p>\n\n\n\n<p class=\"has-text-align-left\"><\/p>\n\n\n\n<figure class=\"wp-block-image size-full is-resized\"><img loading=\"lazy\" decoding=\"async\" width=\"960\" height=\"720\" src=\"http:\/\/uccle-centre-art.org\/www2\/wp-content\/uploads\/2022\/05\/3.-264083420_892365448128567_8231919345262640514_n.jpg\" alt=\"\" class=\"wp-image-1518\" srcset=\"https:\/\/uccle-centre-art.org\/www2\/wp-content\/uploads\/2022\/05\/3.-264083420_892365448128567_8231919345262640514_n.jpg 960w, https:\/\/uccle-centre-art.org\/www2\/wp-content\/uploads\/2022\/05\/3.-264083420_892365448128567_8231919345262640514_n-300x225.jpg 300w, https:\/\/uccle-centre-art.org\/www2\/wp-content\/uploads\/2022\/05\/3.-264083420_892365448128567_8231919345262640514_n-768x576.jpg 768w\" sizes=\"auto, (max-width: 960px) 100vw, 960px\" \/><\/figure>\n\n\n\n<hr class=\"wp-block-separator has-css-opacity\"\/>\n\n\n\n<div class=\"wp-block-group\"><div class=\"wp-block-group__inner-container is-layout-flow wp-block-group-is-layout-flow\">\n<h3 class=\"wp-block-heading\" id=\"en-piste-pour-la-fete\">MINIMART 2019<\/h3>\n<\/div><\/div>\n\n\n\n<p class=\"has-text-align-left\">\u00e0 la galerie 461 &#8211; Uccle<\/p>\n\n\n\n<div class=\"wp-block-media-text is-stacked-on-mobile is-vertically-aligned-center\"><figure class=\"wp-block-media-text__media\"><img loading=\"lazy\" decoding=\"async\" width=\"611\" height=\"868\" src=\"http:\/\/uccle-centre-art.org\/www2\/wp-content\/uploads\/2022\/03\/image001-6.png\" alt=\"\" class=\"wp-image-1342 size-full\" srcset=\"https:\/\/uccle-centre-art.org\/www2\/wp-content\/uploads\/2022\/03\/image001-6.png 611w, https:\/\/uccle-centre-art.org\/www2\/wp-content\/uploads\/2022\/03\/image001-6-211x300.png 211w\" sizes=\"auto, (max-width: 611px) 100vw, 611px\" \/><\/figure><div class=\"wp-block-media-text__content\">\n<p><\/p>\n<\/div><\/div>\n\n\n\n<div class=\"wp-block-group\"><div class=\"wp-block-group__inner-container is-layout-flow wp-block-group-is-layout-flow\">\n<p><\/p>\n\n\n\n<hr class=\"wp-block-separator has-css-opacity\"\/>\n\n\n\n<h3 class=\"wp-block-heading\" id=\"en-piste-pour-la-fete\">EN PISTE POUR LA F\u00caTE<\/h3>\n<\/div><\/div>\n\n\n\n<p class=\"has-text-align-left\">La Maison des Arts<\/p>\n\n\n\n<p class=\"has-text-align-left\"><strong>05\/11\/2015 | 15\/11\/2015<\/strong><\/p>\n\n\n\n<div class=\"wp-block-media-text is-stacked-on-mobile is-vertically-aligned-center\"><figure class=\"wp-block-media-text__media\"><img loading=\"lazy\" decoding=\"async\" width=\"640\" height=\"480\" src=\"http:\/\/uccle-centre-art.org\/www2\/wp-content\/uploads\/2022\/01\/PB070066.jpg\" alt=\"\" class=\"wp-image-781 size-full\" srcset=\"https:\/\/uccle-centre-art.org\/www2\/wp-content\/uploads\/2022\/01\/PB070066.jpg 640w, https:\/\/uccle-centre-art.org\/www2\/wp-content\/uploads\/2022\/01\/PB070066-300x225.jpg 300w\" sizes=\"auto, (max-width: 640px) 100vw, 640px\" \/><\/figure><div class=\"wp-block-media-text__content\">\n<p><\/p>\n<\/div><\/div>\n\n\n\n<figure class=\"wp-block-image size-full is-resized\"><img loading=\"lazy\" decoding=\"async\" width=\"480\" height=\"640\" src=\"https:\/\/uccle-centre-art.org\/www2\/wp-content\/uploads\/2022\/05\/PB080401-rotated.jpg\" alt=\"\" class=\"wp-image-1535\" srcset=\"https:\/\/uccle-centre-art.org\/www2\/wp-content\/uploads\/2022\/05\/PB080401-rotated.jpg 480w, https:\/\/uccle-centre-art.org\/www2\/wp-content\/uploads\/2022\/05\/PB080401-225x300.jpg 225w\" sizes=\"auto, (max-width: 480px) 100vw, 480px\" \/><\/figure>\n\n\n\n<figure class=\"wp-block-image size-full is-resized\"><img loading=\"lazy\" decoding=\"async\" width=\"640\" height=\"480\" src=\"https:\/\/uccle-centre-art.org\/www2\/wp-content\/uploads\/2022\/05\/PB070191.jpg\" alt=\"\" class=\"wp-image-1538\" srcset=\"https:\/\/uccle-centre-art.org\/www2\/wp-content\/uploads\/2022\/05\/PB070191.jpg 640w, https:\/\/uccle-centre-art.org\/www2\/wp-content\/uploads\/2022\/05\/PB070191-300x225.jpg 300w\" sizes=\"auto, (max-width: 640px) 100vw, 640px\" \/><\/figure>\n\n\n\n<p class=\"has-text-align-left\"><\/p>\n\n\n\n<p><\/p>\n\n\n\n<h3 class=\"wp-block-heading\" id=\"expo-2021\"><\/h3>\n\n\n\n<p><\/p>\n\n\n\n\n\n\n<div class=\"wp-block-columns is-layout-flex wp-container-core-columns-is-layout-9d6595d7 wp-block-columns-is-layout-flex\">\n<div class=\"wp-block-column is-layout-flow wp-block-column-is-layout-flow\"><\/div>\n<\/div>\n\n\n\n<hr class=\"wp-block-separator has-css-opacity\"\/>\n\n\n\n<p><\/p>\n\n\n\n\n\n\n<hr class=\"wp-block-separator has-css-opacity\"\/>\n\n\n\n<p><\/p>\n","protected":false},"excerpt":{"rendered":"<p>\/ Exposition PRINTEMPS 2023 CENTENAIRE UCA : Septembre 2022 Membres d&rsquo;aujourd&rsquo;hui &#8211; 11 septembre 2022 Pr\u00e9paration du Centenaire &#8211; Ferme Rose &#8211; septembre 2022 Exposition des anciens \u00e0 la Maison des Arts &#8211; septembre 2022 Essais lumi\u00e8res &#8211; Ferme Rose &#8211; septembre 2022 Concert \u00e0 l&rsquo;occasion du vernissage du centenaire \u00e0 la Ferme Rose &#8211;&hellip;&nbsp;<a href=\"https:\/\/uccle-centre-art.org\/www2\/evenements-passes\/\" class=\"\" rel=\"bookmark\">Lire la suite &raquo;<span class=\"screen-reader-text\">\u00c9V\u00c9NEMENTS PASS\u00c9S:<\/span><\/a><\/p>\n","protected":false},"author":1,"featured_media":0,"parent":0,"menu_order":0,"comment_status":"closed","ping_status":"closed","template":"","meta":{"neve_meta_sidebar":"","neve_meta_container":"","neve_meta_enable_content_width":"","neve_meta_content_width":0,"neve_meta_title_alignment":"","neve_meta_author_avatar":"","neve_post_elements_order":"","neve_meta_disable_header":"","neve_meta_disable_footer":"","neve_meta_disable_title":"","footnotes":""},"class_list":["post-978","page","type-page","status-publish","hentry"],"_links":{"self":[{"href":"https:\/\/uccle-centre-art.org\/www2\/wp-json\/wp\/v2\/pages\/978","targetHints":{"allow":["GET"]}}],"collection":[{"href":"https:\/\/uccle-centre-art.org\/www2\/wp-json\/wp\/v2\/pages"}],"about":[{"href":"https:\/\/uccle-centre-art.org\/www2\/wp-json\/wp\/v2\/types\/page"}],"author":[{"embeddable":true,"href":"https:\/\/uccle-centre-art.org\/www2\/wp-json\/wp\/v2\/users\/1"}],"replies":[{"embeddable":true,"href":"https:\/\/uccle-centre-art.org\/www2\/wp-json\/wp\/v2\/comments?post=978"}],"version-history":[{"count":58,"href":"https:\/\/uccle-centre-art.org\/www2\/wp-json\/wp\/v2\/pages\/978\/revisions"}],"predecessor-version":[{"id":2103,"href":"https:\/\/uccle-centre-art.org\/www2\/wp-json\/wp\/v2\/pages\/978\/revisions\/2103"}],"wp:attachment":[{"href":"https:\/\/uccle-centre-art.org\/www2\/wp-json\/wp\/v2\/media?parent=978"}],"curies":[{"name":"wp","href":"https:\/\/api.w.org\/{rel}","templated":true}]}}